{"id":7292,"date":"2022-11-07T11:48:27","date_gmt":"2022-11-07T11:48:27","guid":{"rendered":"https:\/\/mabuko.co.mz\/?post_type=product&#038;p=7292"},"modified":"2023-01-10T14:25:50","modified_gmt":"2023-01-10T14:25:50","slug":"a-heranca","status":"publish","type":"product","link":"https:\/\/mabuko.co.mz\/site\/?product=a-heranca","title":{"rendered":"A HERAN\u00c7A"},"content":{"rendered":"<p>John Grisham<\/p>\n<p>9789722529006<\/p>\n","protected":false},"excerpt":{"rendered":"<p><strong>SINOPSE<\/strong><\/p>\n<p>John Grisham regressa ao cen\u00e1rio e \u00e0 personagem principal de Tempo de Matar, um dos romances mais populares dos nossos tempos. Seth Hubbard \u00e9 um homem de idade com uma fortuna, que est\u00e1 a morrer de cancro dos pulm\u00f5es. N\u00e3o confia em ningu\u00e9m. Antes de se enforcar num sic\u00f3moro, Seth faz um novo testamento. Este documento ir\u00e1 arrastar os seus filhos adultos, a sua empregada negra e o advogado Jake Brigance para um conflito dram\u00e1tico e arrasador, semelhante \u00e0quele que, apenas tr\u00eas anos antes, fez de Jake um dos advogados mais conhecidos da regi\u00e3o. O segundo testamento levanta muito mais quest\u00f5es do que aquelas a que responde. Por que raz\u00e3o deixaria Seth quase toda a sua fortuna \u00e0 empregada? Teria a quimioterapia afetado a sua lucidez? John Grisham regressa ao cen\u00e1rio e \u00e0s personagens que fizeram dele o romancista preferido da Am\u00e9rica, enfrentando uma vez mais um julgamento ferozmente controverso, que ir\u00e1 revelar velhas tens\u00f5es raciais e obrigar o Condado de County a confrontar a sua hist\u00f3ria.<\/p>\n","protected":false},"featured_media":7295,"template":"","meta":{"_monsterinsights_skip_tracking":false,"_monsterinsights_sitenote_active":false,"_monsterinsights_sitenote_note":"","_monsterinsights_sitenote_category":0},"product_cat":[103],"product_tag":[],"class_list":{"0":"post-7292","1":"product","2":"type-product","3":"status-publish","4":"has-post-thumbnail","6":"product_cat-literatura","7":"pa_book-author-john-grisham","9":"first","10":"outofstock","11":"shipping-taxable","12":"purchasable","13":"product-type-simple"},"_links":{"self":[{"href":"https:\/\/mabuko.co.mz\/site\/index.php?rest_route=\/wp\/v2\/product\/7292","targetHints":{"allow":["GET"]}}],"collection":[{"href":"https:\/\/mabuko.co.mz\/site\/index.php?rest_route=\/wp\/v2\/product"}],"about":[{"href":"https:\/\/mabuko.co.mz\/site\/index.php?rest_route=\/wp\/v2\/types\/product"}],"wp:featuredmedia":[{"embeddable":true,"href":"https:\/\/mabuko.co.mz\/site\/index.php?rest_route=\/wp\/v2\/media\/7295"}],"wp:attachment":[{"href":"https:\/\/mabuko.co.mz\/site\/index.php?rest_route=%2Fwp%2Fv2%2Fmedia&parent=7292"}],"wp:term":[{"taxonomy":"product_cat","embeddable":true,"href":"https:\/\/mabuko.co.mz\/site\/index.php?rest_route=%2Fwp%2Fv2%2Fproduct_cat&post=7292"},{"taxonomy":"product_tag","embeddable":true,"href":"https:\/\/mabuko.co.mz\/site\/index.php?rest_route=%2Fwp%2Fv2%2Fproduct_tag&post=7292"}],"curies":[{"name":"wp","href":"https:\/\/api.w.org\/{rel}","templated":true}]}}