{"id":7290,"date":"2022-11-07T11:30:24","date_gmt":"2022-11-07T11:30:24","guid":{"rendered":"https:\/\/mabuko.co.mz\/?post_type=product&#038;p=7290"},"modified":"2023-01-10T14:26:20","modified_gmt":"2023-01-10T14:26:20","slug":"incompleta","status":"publish","type":"product","link":"https:\/\/mabuko.co.mz\/site\/?product=incompleta","title":{"rendered":"INCOMPLETA"},"content":{"rendered":"<p>Catherine Bybee<\/p>\n<p>9789722539753<\/p>\n","protected":false},"excerpt":{"rendered":"<p><strong>SINOPSE<\/strong><\/p>\n<p>Amor e segredos \u00e9 uma mistura perigosa.<br \/>\nO casamento por contrato de Trina Petrov era para ser tempor\u00e1rio. Mas quando a trag\u00e9dia a atinge, Trina torna-se uma das mulheres mais ricas do mundo. Para recuperar do choque, decide passar algum tempo em It\u00e1lia, jurando a si pr\u00f3pria n\u00e3o se apaixonar por nenhum homem enquanto l\u00e1 estiver. Mas isso n\u00e3o significa que n\u00e3o se possa apaixonar por ningu\u00e9m na viagem de regresso a casa\u2026<br \/>\nWade Thomas, estrela da m\u00fasica pop, est\u00e1 no bar de um hotel e \u00e9 tratado com frieza pela mulher sentada ao seu lado. Habituado a f\u00e3s a cair aos seus p\u00e9s, Trina \u00e9 uma mudan\u00e7a refrescante, assim como o facto de ela n\u00e3o fazer ideia de quem ele \u00e9.<br \/>\nQuando as coisas come\u00e7am a acontecer, Trina descobre que as circunst\u00e2ncias da morte do marido n\u00e3o s\u00e3o o que parecem. Agora ela est\u00e1 metida em sarilhos e Wade n\u00e3o a quer perder de vista. Aproximarem-se do amor e do perigo pode acabar com a vida deles\u2026 ou lev\u00e1-los at\u00e9 \u00e0s nuvens.<\/p>\n","protected":false},"featured_media":7291,"template":"","meta":{"_monsterinsights_skip_tracking":false,"_monsterinsights_sitenote_active":false,"_monsterinsights_sitenote_note":"","_monsterinsights_sitenote_category":0},"product_cat":[105],"product_tag":[],"class_list":{"0":"post-7290","1":"product","2":"type-product","3":"status-publish","4":"has-post-thumbnail","6":"product_cat-romance","7":"pa_book-author-catherine-bybee","9":"first","10":"outofstock","11":"shipping-taxable","12":"purchasable","13":"product-type-simple"},"_links":{"self":[{"href":"https:\/\/mabuko.co.mz\/site\/index.php?rest_route=\/wp\/v2\/product\/7290","targetHints":{"allow":["GET"]}}],"collection":[{"href":"https:\/\/mabuko.co.mz\/site\/index.php?rest_route=\/wp\/v2\/product"}],"about":[{"href":"https:\/\/mabuko.co.mz\/site\/index.php?rest_route=\/wp\/v2\/types\/product"}],"wp:featuredmedia":[{"embeddable":true,"href":"https:\/\/mabuko.co.mz\/site\/index.php?rest_route=\/wp\/v2\/media\/7291"}],"wp:attachment":[{"href":"https:\/\/mabuko.co.mz\/site\/index.php?rest_route=%2Fwp%2Fv2%2Fmedia&parent=7290"}],"wp:term":[{"taxonomy":"product_cat","embeddable":true,"href":"https:\/\/mabuko.co.mz\/site\/index.php?rest_route=%2Fwp%2Fv2%2Fproduct_cat&post=7290"},{"taxonomy":"product_tag","embeddable":true,"href":"https:\/\/mabuko.co.mz\/site\/index.php?rest_route=%2Fwp%2Fv2%2Fproduct_tag&post=7290"}],"curies":[{"name":"wp","href":"https:\/\/api.w.org\/{rel}","templated":true}]}}