{"id":7283,"date":"2022-11-07T10:11:45","date_gmt":"2022-11-07T10:11:45","guid":{"rendered":"https:\/\/mabuko.co.mz\/?post_type=product&#038;p=7283"},"modified":"2023-01-10T14:28:38","modified_gmt":"2023-01-10T14:28:38","slug":"jornada-dos-faraos","status":"publish","type":"product","link":"https:\/\/mabuko.co.mz\/site\/?product=jornada-dos-faraos","title":{"rendered":"JORNADA DOS FARA\u00d3S"},"content":{"rendered":"<p>Clive Cussler<\/p>\n<p>Graham Brown<\/p>\n<p>9789897734168<\/p>\n","protected":false},"excerpt":{"rendered":"<p><strong>SINOPSE<\/strong><\/p>\n<p>Em 1074 a. C. s\u00e3o roubados tesouros de valor incalcul\u00e1vel dos t\u00famulos dos fara\u00f3s eg\u00edpcios. Em 1927, um audacioso aviador americano desaparece ao tentar um voo transcontinental. Na atualidade, uma traineira de pesca &#8211; juntamente com a sua misteriosa carga &#8211; afunda-se na costa da Esc\u00f3cia.<br \/>\nComo est\u00e3o estes tr\u00eas misteriosos acontecimentos relacionados? E, mais importante, qual a import\u00e2ncia que t\u00eam para Kurt Austin e para a equipa NUMA?<br \/>\nEnquanto procura por respostas, a equipa NUMA junta-se aos agentes do MI5 para travar uma conspira\u00e7\u00e3o internacional. O inimigo comum \u00e9 o Grupo Bloodstone, um grupo de traficantes de armas que est\u00e1 a tentar roubar rel\u00edquias antigas em ambos os lados do Atl\u00e2ntico. Kurt e a sua equipa veem-se ent\u00e3o envolvidos numa trai\u00e7oeira ca\u00e7a ao tesouro enquanto tentam encontrar as riquezas eg\u00edpcias desaparecidas sem perder o mais importante\u2026 as suas vidas.<\/p>\n","protected":false},"featured_media":7284,"template":"","meta":{"_monsterinsights_skip_tracking":false,"_monsterinsights_sitenote_active":false,"_monsterinsights_sitenote_note":"","_monsterinsights_sitenote_category":0},"product_cat":[105],"product_tag":[],"class_list":{"0":"post-7283","1":"product","2":"type-product","3":"status-publish","4":"has-post-thumbnail","6":"product_cat-romance","7":"pa_book-author-clive-cussler","8":"pa_book-author-graham-brown","10":"first","11":"outofstock","12":"shipping-taxable","13":"purchasable","14":"product-type-simple"},"_links":{"self":[{"href":"https:\/\/mabuko.co.mz\/site\/index.php?rest_route=\/wp\/v2\/product\/7283","targetHints":{"allow":["GET"]}}],"collection":[{"href":"https:\/\/mabuko.co.mz\/site\/index.php?rest_route=\/wp\/v2\/product"}],"about":[{"href":"https:\/\/mabuko.co.mz\/site\/index.php?rest_route=\/wp\/v2\/types\/product"}],"wp:featuredmedia":[{"embeddable":true,"href":"https:\/\/mabuko.co.mz\/site\/index.php?rest_route=\/wp\/v2\/media\/7284"}],"wp:attachment":[{"href":"https:\/\/mabuko.co.mz\/site\/index.php?rest_route=%2Fwp%2Fv2%2Fmedia&parent=7283"}],"wp:term":[{"taxonomy":"product_cat","embeddable":true,"href":"https:\/\/mabuko.co.mz\/site\/index.php?rest_route=%2Fwp%2Fv2%2Fproduct_cat&post=7283"},{"taxonomy":"product_tag","embeddable":true,"href":"https:\/\/mabuko.co.mz\/site\/index.php?rest_route=%2Fwp%2Fv2%2Fproduct_tag&post=7283"}],"curies":[{"name":"wp","href":"https:\/\/api.w.org\/{rel}","templated":true}]}}