{"id":7273,"date":"2022-11-07T09:11:04","date_gmt":"2022-11-07T09:11:04","guid":{"rendered":"https:\/\/mabuko.co.mz\/?post_type=product&#038;p=7273"},"modified":"2023-01-10T14:32:14","modified_gmt":"2023-01-10T14:32:14","slug":"o-escandalo-modigliani","status":"publish","type":"product","link":"https:\/\/mabuko.co.mz\/site\/?product=o-escandalo-modigliani","title":{"rendered":"O ESC\u00c2NDALO MODIGLIANI"},"content":{"rendered":"<p>Ken Follett<\/p>\n<p>9789722352185<\/p>\n","protected":false},"excerpt":{"rendered":"<p><strong>SINOPSE<\/strong><\/p>\n<p>O Esc\u00e2ndalo Modigliani foi publicado pela primeira vez em 1976. \u00c9 um policial com um ritmo trepidante e um enredo surpreendente, mas \u00e9 tamb\u00e9m uma s\u00e1tira ao universo dos <em>marchands<\/em>, das galerias e do mercado de arte. Quando Dee Sleign, uma jovem formada em Hist\u00f3ria de Arte a passar o ver\u00e3o em Paris, se depara com a pista de um Modigliani desconhecido que o pintor ter\u00e1 oferecido a um amigo, comunica a sua descoberta ao tio, Charles Lampeth, dono de uma conceituada galeria de arte em Londres e que de imediato contrata um detetive para descobrir o quadro. Dee parte ent\u00e3o para It\u00e1lia atr\u00e1s das pistas que tem, desconhecendo que uma s\u00e9rie de outras pessoas v\u00e3o no seu encalce, na esperan\u00e7a de encontrarem o quadro antes dela. Fraudes, vingan\u00e7as, trai\u00e7\u00f5es, tudo tem lugar nesta aventurosa corrida contra o tempo pela posse da obra-prima perdida de Modigliani.<\/p>\n","protected":false},"featured_media":7274,"template":"","meta":{"_monsterinsights_skip_tracking":false,"_monsterinsights_sitenote_active":false,"_monsterinsights_sitenote_note":"","_monsterinsights_sitenote_category":0},"product_cat":[103],"product_tag":[],"class_list":{"0":"post-7273","1":"product","2":"type-product","3":"status-publish","4":"has-post-thumbnail","6":"product_cat-literatura","7":"pa_book-author-ken-follett","9":"first","10":"outofstock","11":"shipping-taxable","12":"purchasable","13":"product-type-simple"},"_links":{"self":[{"href":"https:\/\/mabuko.co.mz\/site\/index.php?rest_route=\/wp\/v2\/product\/7273","targetHints":{"allow":["GET"]}}],"collection":[{"href":"https:\/\/mabuko.co.mz\/site\/index.php?rest_route=\/wp\/v2\/product"}],"about":[{"href":"https:\/\/mabuko.co.mz\/site\/index.php?rest_route=\/wp\/v2\/types\/product"}],"wp:featuredmedia":[{"embeddable":true,"href":"https:\/\/mabuko.co.mz\/site\/index.php?rest_route=\/wp\/v2\/media\/7274"}],"wp:attachment":[{"href":"https:\/\/mabuko.co.mz\/site\/index.php?rest_route=%2Fwp%2Fv2%2Fmedia&parent=7273"}],"wp:term":[{"taxonomy":"product_cat","embeddable":true,"href":"https:\/\/mabuko.co.mz\/site\/index.php?rest_route=%2Fwp%2Fv2%2Fproduct_cat&post=7273"},{"taxonomy":"product_tag","embeddable":true,"href":"https:\/\/mabuko.co.mz\/site\/index.php?rest_route=%2Fwp%2Fv2%2Fproduct_tag&post=7273"}],"curies":[{"name":"wp","href":"https:\/\/api.w.org\/{rel}","templated":true}]}}