{"id":7257,"date":"2022-11-07T07:41:01","date_gmt":"2022-11-07T07:41:01","guid":{"rendered":"https:\/\/mabuko.co.mz\/?post_type=product&#038;p=7257"},"modified":"2023-01-10T13:53:01","modified_gmt":"2023-01-10T13:53:01","slug":"o-codigo-da-inteligencia","status":"publish","type":"product","link":"https:\/\/mabuko.co.mz\/site\/?product=o-codigo-da-inteligencia","title":{"rendered":"O C\u00d3DIGO DA INTELIG\u00caNCIA"},"content":{"rendered":"<p>Augusto Cury<\/p>\n<p>9789727119219<\/p>\n","protected":false},"excerpt":{"rendered":"<p><strong>SINOPSE<\/strong><\/p>\n<p>O C\u00f3digo da Intelig\u00eancia descreve de forma fascinante os c\u00f3digos do eu como gestor ps\u00edquico, da intui\u00e7\u00e3o criativa, da autocr\u00edtica, do altru\u00edsmo e da resili\u00eancia. Um livro indispens\u00e1vel para todos aqueles que se queiram tornar mestres na arte de pensar.<\/p>\n","protected":false},"featured_media":7260,"template":"","meta":{"_monsterinsights_skip_tracking":false,"_monsterinsights_sitenote_active":false,"_monsterinsights_sitenote_note":"","_monsterinsights_sitenote_category":0},"product_cat":[108],"product_tag":[],"class_list":{"0":"post-7257","1":"product","2":"type-product","3":"status-publish","4":"has-post-thumbnail","6":"product_cat-auto-ajuda","7":"pa_book-author-augusto-cury","9":"first","10":"outofstock","11":"shipping-taxable","12":"purchasable","13":"product-type-simple"},"_links":{"self":[{"href":"https:\/\/mabuko.co.mz\/site\/index.php?rest_route=\/wp\/v2\/product\/7257","targetHints":{"allow":["GET"]}}],"collection":[{"href":"https:\/\/mabuko.co.mz\/site\/index.php?rest_route=\/wp\/v2\/product"}],"about":[{"href":"https:\/\/mabuko.co.mz\/site\/index.php?rest_route=\/wp\/v2\/types\/product"}],"wp:featuredmedia":[{"embeddable":true,"href":"https:\/\/mabuko.co.mz\/site\/index.php?rest_route=\/wp\/v2\/media\/7260"}],"wp:attachment":[{"href":"https:\/\/mabuko.co.mz\/site\/index.php?rest_route=%2Fwp%2Fv2%2Fmedia&parent=7257"}],"wp:term":[{"taxonomy":"product_cat","embeddable":true,"href":"https:\/\/mabuko.co.mz\/site\/index.php?rest_route=%2Fwp%2Fv2%2Fproduct_cat&post=7257"},{"taxonomy":"product_tag","embeddable":true,"href":"https:\/\/mabuko.co.mz\/site\/index.php?rest_route=%2Fwp%2Fv2%2Fproduct_tag&post=7257"}],"curies":[{"name":"wp","href":"https:\/\/api.w.org\/{rel}","templated":true}]}}