{"id":7236,"date":"2022-11-02T10:21:08","date_gmt":"2022-11-02T10:21:08","guid":{"rendered":"https:\/\/mabuko.co.mz\/?post_type=product&#038;p=7236"},"modified":"2023-01-10T13:59:46","modified_gmt":"2023-01-10T13:59:46","slug":"supermulheres","status":"publish","type":"product","link":"https:\/\/mabuko.co.mz\/site\/?product=supermulheres","title":{"rendered":"SUPERMULHERES"},"content":{"rendered":"<p>Guillermo Mordillo<\/p>\n<p>9789896100506<\/p>\n","protected":false},"excerpt":{"rendered":"<p><strong>SINOPSE<\/strong><\/p>\n<p>Neste livro, Mordillo executa com not\u00e1vel maestria uma galante v\u00e9nia ao universo feminino. Mestre na conjuga\u00e7\u00e3o do racional com o absurdo, combina de forma ex\u00edmia o car\u00e1cter \u00fanico e inimit\u00e1vel do seu tra\u00e7o com uma cuidadosa selec\u00e7\u00e3o de cita\u00e7\u00f5es e m\u00e1ximas bem humoradas de grandes pensadores e de pessoas c\u00e9lebres acerca de um dos seus temas favoritos: a Mulher!<br \/>\nTrata-se de uma vis\u00e3o repleta de humor e de alegria de viver, servida com uma boa dose de carinho, ainda que com uma pitada de ironia&#8230; enfim, um bel\u00edssimo tributo para todas as Supermulheres!<\/p>\n<p>\u00abO meu idioma sem palavras \u00e9 o ideal. Afinal, \u00e9 o \u00fanico que domino com uma pron\u00fancia perfeita!\u00bb<br \/>\nMordillo<\/p>\n","protected":false},"featured_media":7237,"template":"","meta":{"_monsterinsights_skip_tracking":false,"_monsterinsights_sitenote_active":false,"_monsterinsights_sitenote_note":"","_monsterinsights_sitenote_category":0},"product_cat":[205],"product_tag":[],"class_list":{"0":"post-7236","1":"product","2":"type-product","3":"status-publish","4":"has-post-thumbnail","6":"product_cat-banda-desenhada","7":"pa_book-author-guillermo-mordillo","9":"first","10":"outofstock","11":"shipping-taxable","12":"purchasable","13":"product-type-simple"},"_links":{"self":[{"href":"https:\/\/mabuko.co.mz\/site\/index.php?rest_route=\/wp\/v2\/product\/7236","targetHints":{"allow":["GET"]}}],"collection":[{"href":"https:\/\/mabuko.co.mz\/site\/index.php?rest_route=\/wp\/v2\/product"}],"about":[{"href":"https:\/\/mabuko.co.mz\/site\/index.php?rest_route=\/wp\/v2\/types\/product"}],"wp:featuredmedia":[{"embeddable":true,"href":"https:\/\/mabuko.co.mz\/site\/index.php?rest_route=\/wp\/v2\/media\/7237"}],"wp:attachment":[{"href":"https:\/\/mabuko.co.mz\/site\/index.php?rest_route=%2Fwp%2Fv2%2Fmedia&parent=7236"}],"wp:term":[{"taxonomy":"product_cat","embeddable":true,"href":"https:\/\/mabuko.co.mz\/site\/index.php?rest_route=%2Fwp%2Fv2%2Fproduct_cat&post=7236"},{"taxonomy":"product_tag","embeddable":true,"href":"https:\/\/mabuko.co.mz\/site\/index.php?rest_route=%2Fwp%2Fv2%2Fproduct_tag&post=7236"}],"curies":[{"name":"wp","href":"https:\/\/api.w.org\/{rel}","templated":true}]}}