{"id":7170,"date":"2022-11-01T12:04:00","date_gmt":"2022-11-01T12:04:00","guid":{"rendered":"https:\/\/mabuko.co.mz\/?post_type=product&#038;p=7170"},"modified":"2023-01-10T13:30:12","modified_gmt":"2023-01-10T13:30:12","slug":"o-jogo-do-leao","status":"publish","type":"product","link":"https:\/\/mabuko.co.mz\/site\/?product=o-jogo-do-leao","title":{"rendered":"O JOGO DO LE\u00c3O"},"content":{"rendered":"<p>Nelson DeMille<br \/>\n9789898470799<\/p>\n","protected":false},"excerpt":{"rendered":"<p><strong>SINOPSE<\/strong><\/p>\n<p>O voo transcontinental oriundo de Paris est\u00e1 a chegar a Nova Iorque mas ningu\u00e9m consegue contactar o piloto via r\u00e1dio. No voo est\u00e1 Asad Khalil, um dissidente l\u00edbio que vai ser recebido pela Brigada Federal Antiterrorista. Mas quando o avi\u00e3o aterra, toda a gente a bordo est\u00e1 morta &#8211; \u00e0 exce\u00e7\u00e3o de Khalil, que desaparece depois de atacar a sede da Brigada no aeroporto. O ex-pol\u00edcia de Nova Iorque John Corey, agora um agente contratado pela Brigada e a sua parceira Kate Mayfield v\u00e3o seguir um rasto de fumo e de sangue atr\u00e1s do fugitivo. A presa que perseguem \u00e9 um inimigo com a ast\u00facia de um homem e a ferocidade de um le\u00e3o. Para vencer um jogo desesperado e sem regras, ter\u00e3o de forjar uma estrat\u00e9gia que n\u00e3o deixe absolutamente nada ao acaso. Repleto de um suspense implac\u00e1vel e de reviravoltas surpreendentes a cada passo, O Jogo do Le\u00e3o \u00e9 uma corrida vertiginosa contra o tempo e um dos thrillers mais fascinantes de Nelson DeMille.<\/p>\n","protected":false},"featured_media":7171,"template":"","meta":{"_monsterinsights_skip_tracking":false,"_monsterinsights_sitenote_active":false,"_monsterinsights_sitenote_note":"","_monsterinsights_sitenote_category":0},"product_cat":[103],"product_tag":[],"class_list":{"0":"post-7170","1":"product","2":"type-product","3":"status-publish","4":"has-post-thumbnail","6":"product_cat-literatura","7":"pa_book-author-nelson-demille","9":"first","10":"outofstock","11":"shipping-taxable","12":"purchasable","13":"product-type-simple"},"_links":{"self":[{"href":"https:\/\/mabuko.co.mz\/site\/index.php?rest_route=\/wp\/v2\/product\/7170","targetHints":{"allow":["GET"]}}],"collection":[{"href":"https:\/\/mabuko.co.mz\/site\/index.php?rest_route=\/wp\/v2\/product"}],"about":[{"href":"https:\/\/mabuko.co.mz\/site\/index.php?rest_route=\/wp\/v2\/types\/product"}],"wp:featuredmedia":[{"embeddable":true,"href":"https:\/\/mabuko.co.mz\/site\/index.php?rest_route=\/wp\/v2\/media\/7171"}],"wp:attachment":[{"href":"https:\/\/mabuko.co.mz\/site\/index.php?rest_route=%2Fwp%2Fv2%2Fmedia&parent=7170"}],"wp:term":[{"taxonomy":"product_cat","embeddable":true,"href":"https:\/\/mabuko.co.mz\/site\/index.php?rest_route=%2Fwp%2Fv2%2Fproduct_cat&post=7170"},{"taxonomy":"product_tag","embeddable":true,"href":"https:\/\/mabuko.co.mz\/site\/index.php?rest_route=%2Fwp%2Fv2%2Fproduct_tag&post=7170"}],"curies":[{"name":"wp","href":"https:\/\/api.w.org\/{rel}","templated":true}]}}