{"id":7164,"date":"2022-10-31T07:38:18","date_gmt":"2022-10-31T07:38:18","guid":{"rendered":"https:\/\/mabuko.co.mz\/?post_type=product&#038;p=7164"},"modified":"2023-01-10T13:31:18","modified_gmt":"2023-01-10T13:31:18","slug":"o-almirante-portugues","status":"publish","type":"product","link":"https:\/\/mabuko.co.mz\/site\/?product=o-almirante-portugues","title":{"rendered":"O ALMIRANTE PORTUGU\u00caS"},"content":{"rendered":"<p>Jorge Manuel Moreira Silva<\/p>\n<p>9789897541711<\/p>\n","protected":false},"excerpt":{"rendered":"<p><strong>SINOPSE<\/strong><\/p>\n<p>\u00abQuando o carrasco o empurrou da escada de madeira, deixando-o suspenso no vazio, Moreira Freire sabia que estava a pagar uma d\u00edvida com trinta anos, o tempo que conseguiram adiar aquele encontro com a morte. E sabia que a multid\u00e3o ululante que o invectivava e, momentos antes, lhe rogara pragas ao longo do trajecto para a for\u00e7a, era, no fundo, a mesma turba an\u00f3nima e cobarde que, tr\u00eas d\u00e9cadas antes, festejara, alarve e despudoradamente, em N\u00e1poles, a execu\u00e7\u00e3o de Leonor Pimentel.\u00bbAssim come\u00e7a uma viagem de mem\u00f3ria que nos transporta ao in\u00edcio das guerras napole\u00f3nicas e \u00e0 participa\u00e7\u00e3o de uma for\u00e7a na Campanha do Mediterr\u00e2neo, ao lado da esquadra brit\u00e2nica de Lord Nelson (1798-1800).<\/p>\n","protected":false},"featured_media":7166,"template":"","meta":{"_monsterinsights_skip_tracking":false,"_monsterinsights_sitenote_active":false,"_monsterinsights_sitenote_note":"","_monsterinsights_sitenote_category":0},"product_cat":[105],"product_tag":[],"class_list":{"0":"post-7164","1":"product","2":"type-product","3":"status-publish","4":"has-post-thumbnail","6":"product_cat-romance","7":"pa_book-author-jorge-moreira-silva","9":"first","10":"outofstock","11":"shipping-taxable","12":"purchasable","13":"product-type-simple"},"_links":{"self":[{"href":"https:\/\/mabuko.co.mz\/site\/index.php?rest_route=\/wp\/v2\/product\/7164","targetHints":{"allow":["GET"]}}],"collection":[{"href":"https:\/\/mabuko.co.mz\/site\/index.php?rest_route=\/wp\/v2\/product"}],"about":[{"href":"https:\/\/mabuko.co.mz\/site\/index.php?rest_route=\/wp\/v2\/types\/product"}],"wp:featuredmedia":[{"embeddable":true,"href":"https:\/\/mabuko.co.mz\/site\/index.php?rest_route=\/wp\/v2\/media\/7166"}],"wp:attachment":[{"href":"https:\/\/mabuko.co.mz\/site\/index.php?rest_route=%2Fwp%2Fv2%2Fmedia&parent=7164"}],"wp:term":[{"taxonomy":"product_cat","embeddable":true,"href":"https:\/\/mabuko.co.mz\/site\/index.php?rest_route=%2Fwp%2Fv2%2Fproduct_cat&post=7164"},{"taxonomy":"product_tag","embeddable":true,"href":"https:\/\/mabuko.co.mz\/site\/index.php?rest_route=%2Fwp%2Fv2%2Fproduct_tag&post=7164"}],"curies":[{"name":"wp","href":"https:\/\/api.w.org\/{rel}","templated":true}]}}