{"id":7148,"date":"2022-10-28T13:53:35","date_gmt":"2022-10-28T13:53:35","guid":{"rendered":"https:\/\/mabuko.co.mz\/?post_type=product&#038;p=7148"},"modified":"2023-01-10T12:55:25","modified_gmt":"2023-01-10T12:55:25","slug":"cadernos-de-lanzarote-diario-v","status":"publish","type":"product","link":"https:\/\/mabuko.co.mz\/site\/?product=cadernos-de-lanzarote-diario-v","title":{"rendered":"CADERNOS DE LANZAROTE &#8211; Di\u00e1rio V"},"content":{"rendered":"<p>Jos\u00e9 Saramago<\/p>\n<p>9789720030290<\/p>\n","protected":false},"excerpt":{"rendered":"<p><strong>SINOPSE<\/strong><\/p>\n<p>O relato da vida quotidiana do escritor, dos epis\u00f3dios \u00edntimos da cria\u00e7\u00e3o liter\u00e1ria \u00e0s mais corajosas tomadas de posi\u00e7\u00e3o, nos quatro cantos do mundo.<\/p>\n","protected":false},"featured_media":7149,"template":"","meta":{"_monsterinsights_skip_tracking":false,"_monsterinsights_sitenote_active":false,"_monsterinsights_sitenote_note":"","_monsterinsights_sitenote_category":0},"product_cat":[103],"product_tag":[],"class_list":{"0":"post-7148","1":"product","2":"type-product","3":"status-publish","4":"has-post-thumbnail","6":"product_cat-literatura","7":"pa_book-author-jose-saramago","9":"first","10":"outofstock","11":"shipping-taxable","12":"purchasable","13":"product-type-simple"},"_links":{"self":[{"href":"https:\/\/mabuko.co.mz\/site\/index.php?rest_route=\/wp\/v2\/product\/7148","targetHints":{"allow":["GET"]}}],"collection":[{"href":"https:\/\/mabuko.co.mz\/site\/index.php?rest_route=\/wp\/v2\/product"}],"about":[{"href":"https:\/\/mabuko.co.mz\/site\/index.php?rest_route=\/wp\/v2\/types\/product"}],"wp:featuredmedia":[{"embeddable":true,"href":"https:\/\/mabuko.co.mz\/site\/index.php?rest_route=\/wp\/v2\/media\/7149"}],"wp:attachment":[{"href":"https:\/\/mabuko.co.mz\/site\/index.php?rest_route=%2Fwp%2Fv2%2Fmedia&parent=7148"}],"wp:term":[{"taxonomy":"product_cat","embeddable":true,"href":"https:\/\/mabuko.co.mz\/site\/index.php?rest_route=%2Fwp%2Fv2%2Fproduct_cat&post=7148"},{"taxonomy":"product_tag","embeddable":true,"href":"https:\/\/mabuko.co.mz\/site\/index.php?rest_route=%2Fwp%2Fv2%2Fproduct_tag&post=7148"}],"curies":[{"name":"wp","href":"https:\/\/api.w.org\/{rel}","templated":true}]}}