{"id":7142,"date":"2022-10-28T13:20:57","date_gmt":"2022-10-28T13:20:57","guid":{"rendered":"https:\/\/mabuko.co.mz\/?post_type=product&#038;p=7142"},"modified":"2023-01-10T12:59:08","modified_gmt":"2023-01-10T12:59:08","slug":"como-ser-solteira","status":"publish","type":"product","link":"https:\/\/mabuko.co.mz\/site\/?product=como-ser-solteira","title":{"rendered":"COMO SER SOLTEIRA"},"content":{"rendered":"<h3 style=\"margin: 0cm; margin-bottom: .0001pt; line-height: 22.5pt; background: white;\"><span style=\"font-size: 12.0pt; color: #262626; font-weight: normal;\">Liz Tuccillo<\/span><\/h3>\n<p>9789722357838<\/p>\n","protected":false},"excerpt":{"rendered":"<p><strong>SINOPSE<\/strong><\/p>\n<p>Julie Jenson tem 38 anos, vive em Nova Iorque, trabalha como agente publicit\u00e1ria numa editora e est\u00e1 solteira h\u00e1 seis anos. Tal como muitas mulheres em situa\u00e7\u00f5es semelhantes, Julie n\u00e3o deixa de se questionar: porque \u00e9 que qualquer homem, mesmo careca, entediante, gordo e desempregado, consegue arranjara uma namorada, e ela e as amigas, que s\u00e3o atraentes, divertidas, bem-sucedidas e inteligentes, continuam solteiras? Com\u00a0 objectivo de responder a este grande mist\u00e9rio da vida, Julie decide abandonar o emprego e percorrer o mundo para tentar saber como as suas cong\u00e9neres noutros pa\u00edses lidam com o seu estado civil. De paris ao Rio, de Sydney a Bali, de Pequim a Roma, Julie apaixona-se, sofre desgostos, v\u00ea o mundo e aprende a redefinir a sua vis\u00e3o do amor, da felicidade e da realiza\u00e7\u00e3o pessoal. Um romance divertido e encantador que agora ganha nova vida no cinema com Dakota Johnson.<\/p>\n","protected":false},"featured_media":7143,"template":"","meta":{"_monsterinsights_skip_tracking":false,"_monsterinsights_sitenote_active":false,"_monsterinsights_sitenote_note":"","_monsterinsights_sitenote_category":0},"product_cat":[105],"product_tag":[],"class_list":{"0":"post-7142","1":"product","2":"type-product","3":"status-publish","4":"has-post-thumbnail","6":"product_cat-romance","7":"pa_book-author-liz-tuccillo","9":"first","10":"outofstock","11":"shipping-taxable","12":"purchasable","13":"product-type-simple"},"_links":{"self":[{"href":"https:\/\/mabuko.co.mz\/site\/index.php?rest_route=\/wp\/v2\/product\/7142","targetHints":{"allow":["GET"]}}],"collection":[{"href":"https:\/\/mabuko.co.mz\/site\/index.php?rest_route=\/wp\/v2\/product"}],"about":[{"href":"https:\/\/mabuko.co.mz\/site\/index.php?rest_route=\/wp\/v2\/types\/product"}],"wp:featuredmedia":[{"embeddable":true,"href":"https:\/\/mabuko.co.mz\/site\/index.php?rest_route=\/wp\/v2\/media\/7143"}],"wp:attachment":[{"href":"https:\/\/mabuko.co.mz\/site\/index.php?rest_route=%2Fwp%2Fv2%2Fmedia&parent=7142"}],"wp:term":[{"taxonomy":"product_cat","embeddable":true,"href":"https:\/\/mabuko.co.mz\/site\/index.php?rest_route=%2Fwp%2Fv2%2Fproduct_cat&post=7142"},{"taxonomy":"product_tag","embeddable":true,"href":"https:\/\/mabuko.co.mz\/site\/index.php?rest_route=%2Fwp%2Fv2%2Fproduct_tag&post=7142"}],"curies":[{"name":"wp","href":"https:\/\/api.w.org\/{rel}","templated":true}]}}