{"id":7038,"date":"2022-10-27T08:09:18","date_gmt":"2022-10-27T08:09:18","guid":{"rendered":"https:\/\/mabuko.co.mz\/?post_type=product&#038;p=7038"},"modified":"2023-01-10T12:32:31","modified_gmt":"2023-01-10T12:32:31","slug":"as-cartas-da-prisao-de-nelson-mandela","status":"publish","type":"product","link":"https:\/\/mabuko.co.mz\/site\/?product=as-cartas-da-prisao-de-nelson-mandela","title":{"rendered":"AS CARTAS DA PRIS\u00c3O DE NELSON MANDELA"},"content":{"rendered":"<p>Nelson Mandela<\/p>\n<p><span style=\"font-size: 1rem;\">9<\/span><span style=\"font-size: 1rem;\">789720031112<\/span><\/p>\n","protected":false},"excerpt":{"rendered":"<p><strong>SINOPSE<\/strong><\/p>\n<p>Preso em 1962, quando o regime do\u00a0<em>apartheid\u00a0<\/em>na \u00c1frica do Sul intensificava a sua campanha brutal contra os opositores pol\u00edticos, o advogado e activista do Congresso Nacional Africano Nelson Mandela, ent\u00e3o com quarenta e quatro anos, n\u00e3o fazia a menor ideia de que passaria os vinte e sete anos seguintes na pris\u00e3o. Durante os seus 10 052 dias de encarceramento, o futuro l\u00edder da \u00c1frica do Sul escreveu uma imensa quantidade de cartas \u00e0s inflex\u00edveis autoridades prisionais, a companheiros activistas, a respons\u00e1veis governamentais e, acima de tudo, \u00e0 sua corajosa mulher, Winnie, e aos cinco filhos.<\/p>\n<p>Agora, no centen\u00e1rio do seu nascimento, 255 dessas cartas, muitas das quais nunca antes tornadas p\u00fablicas, s\u00e3o compiladas num volume que as organiza cronologicamente, dividindo-as pelas quatro institui\u00e7\u00f5es prisionais por onde passou at\u00e9 \u00e0 sua liberta\u00e7\u00e3o, a 11 de Fevereiro de 1990.<\/p>\n<p>Ilustrado com reprodu\u00e7\u00f5es de alguns dos seus escritos, este \u00e9 um documento de um valor excepcional para o conhecimento desta que foi uma das figuras mais inspiradoras do s\u00e9culo XX, revelando-o como pai e marido extremoso, como um lutador incans\u00e1vel pelos direitos humanos e, acima de tudo, como homem de uma coragem imperturb\u00e1vel, que se recusou a comprometer os seus valores mesmo quando confrontado com um enorme sofrimento.<\/p>\n","protected":false},"featured_media":7039,"template":"","meta":{"_monsterinsights_skip_tracking":false,"_monsterinsights_sitenote_active":false,"_monsterinsights_sitenote_note":"","_monsterinsights_sitenote_category":0},"product_cat":[103],"product_tag":[],"class_list":{"0":"post-7038","1":"product","2":"type-product","3":"status-publish","4":"has-post-thumbnail","6":"product_cat-literatura","7":"pa_book-author-nelson-mandela","9":"first","10":"outofstock","11":"shipping-taxable","12":"purchasable","13":"product-type-simple"},"_links":{"self":[{"href":"https:\/\/mabuko.co.mz\/site\/index.php?rest_route=\/wp\/v2\/product\/7038","targetHints":{"allow":["GET"]}}],"collection":[{"href":"https:\/\/mabuko.co.mz\/site\/index.php?rest_route=\/wp\/v2\/product"}],"about":[{"href":"https:\/\/mabuko.co.mz\/site\/index.php?rest_route=\/wp\/v2\/types\/product"}],"wp:featuredmedia":[{"embeddable":true,"href":"https:\/\/mabuko.co.mz\/site\/index.php?rest_route=\/wp\/v2\/media\/7039"}],"wp:attachment":[{"href":"https:\/\/mabuko.co.mz\/site\/index.php?rest_route=%2Fwp%2Fv2%2Fmedia&parent=7038"}],"wp:term":[{"taxonomy":"product_cat","embeddable":true,"href":"https:\/\/mabuko.co.mz\/site\/index.php?rest_route=%2Fwp%2Fv2%2Fproduct_cat&post=7038"},{"taxonomy":"product_tag","embeddable":true,"href":"https:\/\/mabuko.co.mz\/site\/index.php?rest_route=%2Fwp%2Fv2%2Fproduct_tag&post=7038"}],"curies":[{"name":"wp","href":"https:\/\/api.w.org\/{rel}","templated":true}]}}