{"id":7004,"date":"2022-10-26T14:02:02","date_gmt":"2022-10-26T14:02:02","guid":{"rendered":"https:\/\/mabuko.co.mz\/?post_type=product&#038;p=7004"},"modified":"2023-01-10T12:42:37","modified_gmt":"2023-01-10T12:42:37","slug":"o-atelier-dos-milagres","status":"publish","type":"product","link":"https:\/\/mabuko.co.mz\/site\/?product=o-atelier-dos-milagres","title":{"rendered":"O ATELIER DOS MILAGRES"},"content":{"rendered":"<p>Val\u00e9rie Tong Cuong<\/p>\n<p>9789897541544<\/p>\n","protected":false},"excerpt":{"rendered":"<div id=\"productPageSectionAboutBook-sinopseTitle\" class=\"right-title\"><strong>SINOPSE<\/strong><\/div>\n<div id=\"productPageSectionAboutBook-sinopse\" class=\"right-text\">\n<p>O Atelier dos Milagres \u00e9 um s\u00edtio especial onde se recebem cora\u00e7\u00f5es despeda\u00e7ados, pessoas que perderam a esperan\u00e7a e que n\u00e3o encontram o seu espa\u00e7o no mundo. Neste lugar ins\u00f3lito, reparam-se os mecanismos que controlam a alma, recuperam-se os sonhos e os medos desaparecem. Mas ser\u00e1 poss\u00edvel uma pessoa reconstruir-se e enfrentar os fantasmas que a perseguem?<\/p>\n<p>Todos t\u00eam direito a uma segunda oportunidade, e isto n\u00e3o \u00e9 uma promessa imagin\u00e1ria. O Atelier dos Milagres oferece um novo recome\u00e7o. Como se Deus aparecesse e apagasse, de uma vez s\u00f3, todos os problemas da vida.<\/p>\n<\/div>\n","protected":false},"featured_media":7006,"template":"","meta":{"_monsterinsights_skip_tracking":false,"_monsterinsights_sitenote_active":false,"_monsterinsights_sitenote_note":"","_monsterinsights_sitenote_category":0},"product_cat":[105],"product_tag":[],"class_list":{"0":"post-7004","1":"product","2":"type-product","3":"status-publish","4":"has-post-thumbnail","6":"product_cat-romance","7":"pa_book-author-valerie-tong-cuong","9":"first","10":"outofstock","11":"shipping-taxable","12":"purchasable","13":"product-type-simple"},"_links":{"self":[{"href":"https:\/\/mabuko.co.mz\/site\/index.php?rest_route=\/wp\/v2\/product\/7004","targetHints":{"allow":["GET"]}}],"collection":[{"href":"https:\/\/mabuko.co.mz\/site\/index.php?rest_route=\/wp\/v2\/product"}],"about":[{"href":"https:\/\/mabuko.co.mz\/site\/index.php?rest_route=\/wp\/v2\/types\/product"}],"wp:featuredmedia":[{"embeddable":true,"href":"https:\/\/mabuko.co.mz\/site\/index.php?rest_route=\/wp\/v2\/media\/7006"}],"wp:attachment":[{"href":"https:\/\/mabuko.co.mz\/site\/index.php?rest_route=%2Fwp%2Fv2%2Fmedia&parent=7004"}],"wp:term":[{"taxonomy":"product_cat","embeddable":true,"href":"https:\/\/mabuko.co.mz\/site\/index.php?rest_route=%2Fwp%2Fv2%2Fproduct_cat&post=7004"},{"taxonomy":"product_tag","embeddable":true,"href":"https:\/\/mabuko.co.mz\/site\/index.php?rest_route=%2Fwp%2Fv2%2Fproduct_tag&post=7004"}],"curies":[{"name":"wp","href":"https:\/\/api.w.org\/{rel}","templated":true}]}}