{"id":6998,"date":"2022-10-26T13:40:21","date_gmt":"2022-10-26T13:40:21","guid":{"rendered":"https:\/\/mabuko.co.mz\/?post_type=product&#038;p=6998"},"modified":"2023-01-10T12:45:51","modified_gmt":"2023-01-10T12:45:51","slug":"um-novo-sentido-para-a-vida","status":"publish","type":"product","link":"https:\/\/mabuko.co.mz\/site\/?product=um-novo-sentido-para-a-vida","title":{"rendered":"UM NOVO SENTIDO PARA A VIDA"},"content":{"rendered":"<p>Lolly Winston<\/p>\n<p>9789722337069<\/p>\n","protected":false},"excerpt":{"rendered":"<p><strong>SINOPSE<\/strong><\/p>\n<p>Este romance de estreia da americana Lolly Winston foi acolhido com grande entusiasmo. \u00c9 uma hist\u00f3ria emocionante sobre uma jovem mulher que perde o companheiro ap\u00f3s tr\u00eas anos de um casamento feliz. A autora acompanha as pungentes fases do luto da sua protagonista com grande realismo e inteligente sensibilidade, mas este n\u00e3o \u00e9 um livro triste porque a narradora e protagonista domina a arte do humor, fazendo rir com frequ\u00eancia o leitor mostrando o lado caricato das situa\u00e7\u00f5es em que se coloca. Brilho e fasc\u00ednio s\u00e3o palavras que descrevem o romance desta nov\u00edssima e refrescante voz da fic\u00e7\u00e3o contempor\u00e2nea. Um \u00eaxito j\u00e1 traduzido para 15 l\u00ednguas.<\/p>\n","protected":false},"featured_media":6999,"template":"","meta":{"_monsterinsights_skip_tracking":false,"_monsterinsights_sitenote_active":false,"_monsterinsights_sitenote_note":"","_monsterinsights_sitenote_category":0},"product_cat":[105],"product_tag":[],"class_list":{"0":"post-6998","1":"product","2":"type-product","3":"status-publish","4":"has-post-thumbnail","6":"product_cat-romance","7":"pa_book-author-lolly-winston","9":"first","10":"outofstock","11":"shipping-taxable","12":"purchasable","13":"product-type-simple"},"_links":{"self":[{"href":"https:\/\/mabuko.co.mz\/site\/index.php?rest_route=\/wp\/v2\/product\/6998","targetHints":{"allow":["GET"]}}],"collection":[{"href":"https:\/\/mabuko.co.mz\/site\/index.php?rest_route=\/wp\/v2\/product"}],"about":[{"href":"https:\/\/mabuko.co.mz\/site\/index.php?rest_route=\/wp\/v2\/types\/product"}],"wp:featuredmedia":[{"embeddable":true,"href":"https:\/\/mabuko.co.mz\/site\/index.php?rest_route=\/wp\/v2\/media\/6999"}],"wp:attachment":[{"href":"https:\/\/mabuko.co.mz\/site\/index.php?rest_route=%2Fwp%2Fv2%2Fmedia&parent=6998"}],"wp:term":[{"taxonomy":"product_cat","embeddable":true,"href":"https:\/\/mabuko.co.mz\/site\/index.php?rest_route=%2Fwp%2Fv2%2Fproduct_cat&post=6998"},{"taxonomy":"product_tag","embeddable":true,"href":"https:\/\/mabuko.co.mz\/site\/index.php?rest_route=%2Fwp%2Fv2%2Fproduct_tag&post=6998"}],"curies":[{"name":"wp","href":"https:\/\/api.w.org\/{rel}","templated":true}]}}