{"id":6988,"date":"2022-10-26T12:50:16","date_gmt":"2022-10-26T12:50:16","guid":{"rendered":"https:\/\/mabuko.co.mz\/?post_type=product&#038;p=6988"},"modified":"2023-01-10T10:06:35","modified_gmt":"2023-01-10T10:06:35","slug":"gata-branca","status":"publish","type":"product","link":"https:\/\/mabuko.co.mz\/site\/?product=gata-branca","title":{"rendered":"GATA BRANCA"},"content":{"rendered":"<p>Holly Black<\/p>\n<p>9789722354158<\/p>\n","protected":false},"excerpt":{"rendered":"<div id=\"productPageSectionAboutBook-sinopseTitle\" class=\"right-title\"><strong>SINOPSE<\/strong><\/div>\n<div><span style=\"font-size: 1rem;\">Cassel Sharpe \u00e9 um jovem de dezassete anos que deseja ter uma vida normal. Mas quando se nasce numa fam\u00edlia com uma forte tradi\u00e7\u00e3o em manipula\u00e7\u00e3o de maldi\u00e7\u00f5es a normalidade n\u00e3o \u00e9 algo f\u00e1cil de alcan\u00e7ar. Cassel vive ensombrado pela amea\u00e7a de, a qualquer momento, os poderes mal\u00e9ficos que correm na sua fam\u00edlia se manifestarem tamb\u00e9m em si.<\/span><\/div>\n<div id=\"productPageSectionAboutBook-sinopse\" class=\"right-text\">\n<p>Por diversas vezes, a sua vida \u00e9 posta em risco quando, em sucessivos epis\u00f3dios de sonambulismo, passeia pelos telhados do col\u00e9gio interno que frequenta. De volta a casa, torna-se cada vez mais claro para Cassel que um tenebroso segredo familiar amea\u00e7a destru\u00ed-lo. Desejoso de perceber quem realmente \u00e9, o jovem inicia uma cruzada de autodescoberta que o leva a enfrentar perigos cada vez maiores.<br \/>\nHolly Black traz-nos uma narrativa fascinante que abre um novo cap\u00edtulo neste g\u00e9nero liter\u00e1rio, o thriller noir.<\/p>\n<\/div>\n","protected":false},"featured_media":6989,"template":"","meta":{"_monsterinsights_skip_tracking":false,"_monsterinsights_sitenote_active":false,"_monsterinsights_sitenote_note":"","_monsterinsights_sitenote_category":0},"product_cat":[105],"product_tag":[],"class_list":{"0":"post-6988","1":"product","2":"type-product","3":"status-publish","4":"has-post-thumbnail","6":"product_cat-romance","7":"pa_book-author-holly-black","9":"first","10":"outofstock","11":"shipping-taxable","12":"purchasable","13":"product-type-simple"},"_links":{"self":[{"href":"https:\/\/mabuko.co.mz\/site\/index.php?rest_route=\/wp\/v2\/product\/6988","targetHints":{"allow":["GET"]}}],"collection":[{"href":"https:\/\/mabuko.co.mz\/site\/index.php?rest_route=\/wp\/v2\/product"}],"about":[{"href":"https:\/\/mabuko.co.mz\/site\/index.php?rest_route=\/wp\/v2\/types\/product"}],"wp:featuredmedia":[{"embeddable":true,"href":"https:\/\/mabuko.co.mz\/site\/index.php?rest_route=\/wp\/v2\/media\/6989"}],"wp:attachment":[{"href":"https:\/\/mabuko.co.mz\/site\/index.php?rest_route=%2Fwp%2Fv2%2Fmedia&parent=6988"}],"wp:term":[{"taxonomy":"product_cat","embeddable":true,"href":"https:\/\/mabuko.co.mz\/site\/index.php?rest_route=%2Fwp%2Fv2%2Fproduct_cat&post=6988"},{"taxonomy":"product_tag","embeddable":true,"href":"https:\/\/mabuko.co.mz\/site\/index.php?rest_route=%2Fwp%2Fv2%2Fproduct_tag&post=6988"}],"curies":[{"name":"wp","href":"https:\/\/api.w.org\/{rel}","templated":true}]}}