{"id":6578,"date":"2022-10-03T13:33:10","date_gmt":"2022-10-03T13:33:10","guid":{"rendered":"https:\/\/mabuko.co.mz\/?post_type=product&#038;p=6578"},"modified":"2023-01-09T14:16:55","modified_gmt":"2023-01-09T14:16:55","slug":"marizza","status":"publish","type":"product","link":"https:\/\/mabuko.co.mz\/site\/?product=marizza","title":{"rendered":"MARIZZA"},"content":{"rendered":"<p>M\u00e9lio Tinga<\/p>\n<p>9789722729758<\/p>\n","protected":false},"excerpt":{"rendered":"<div id=\"productPageSectionAboutBook-sinopseTitle\" class=\"right-title\"><strong>SINOPSE<\/strong><\/div>\n<div><\/div>\n<div id=\"productPageSectionAboutBook-sinopse\" class=\"right-text\">\n<p>\u00abDesci a cidade a descer para dentro do corpo. Movia as m\u00e3os sem rigor. Arrastava os p\u00e9s, dobrava o joelho com languidez. Os olhos toldados de um cinzento escuro miravam dispersos para o horizonte vazio. As duas barras batiam?se no bolso, como dois beb\u00e9s rivais em guerras incessantes. N\u00e3o havia mais nada a caminhar. Entreguei-me ao tropel infinitamente distante e \u00e0s vozes que saltavam das janelas dos pr\u00e9dios, dispersando-se no ar como bolas de espuma que atufam o espa\u00e7o por breves momentos.<br \/>\nVi o sol descer sobre a cidade e tudo se diluiu.\u00bb<\/p>\n<p>Distinguido com o pr\u00e9mio liter\u00e1rio INCM\/Eug\u00e9nio Lisboa 2020.<\/p>\n<\/div>\n","protected":false},"featured_media":6581,"template":"","meta":{"_monsterinsights_skip_tracking":false,"_monsterinsights_sitenote_active":false,"_monsterinsights_sitenote_note":"","_monsterinsights_sitenote_category":0},"product_cat":[103],"product_tag":[],"class_list":{"0":"post-6578","1":"product","2":"type-product","3":"status-publish","4":"has-post-thumbnail","6":"product_cat-literatura","7":"pa_book-author-melio-tinga","9":"first","10":"outofstock","11":"shipping-taxable","12":"purchasable","13":"product-type-simple"},"_links":{"self":[{"href":"https:\/\/mabuko.co.mz\/site\/index.php?rest_route=\/wp\/v2\/product\/6578","targetHints":{"allow":["GET"]}}],"collection":[{"href":"https:\/\/mabuko.co.mz\/site\/index.php?rest_route=\/wp\/v2\/product"}],"about":[{"href":"https:\/\/mabuko.co.mz\/site\/index.php?rest_route=\/wp\/v2\/types\/product"}],"wp:featuredmedia":[{"embeddable":true,"href":"https:\/\/mabuko.co.mz\/site\/index.php?rest_route=\/wp\/v2\/media\/6581"}],"wp:attachment":[{"href":"https:\/\/mabuko.co.mz\/site\/index.php?rest_route=%2Fwp%2Fv2%2Fmedia&parent=6578"}],"wp:term":[{"taxonomy":"product_cat","embeddable":true,"href":"https:\/\/mabuko.co.mz\/site\/index.php?rest_route=%2Fwp%2Fv2%2Fproduct_cat&post=6578"},{"taxonomy":"product_tag","embeddable":true,"href":"https:\/\/mabuko.co.mz\/site\/index.php?rest_route=%2Fwp%2Fv2%2Fproduct_tag&post=6578"}],"curies":[{"name":"wp","href":"https:\/\/api.w.org\/{rel}","templated":true}]}}