{"id":6493,"date":"2022-09-29T14:10:03","date_gmt":"2022-09-29T14:10:03","guid":{"rendered":"https:\/\/mabuko.co.mz\/?post_type=product&#038;p=6493"},"modified":"2023-01-09T13:43:23","modified_gmt":"2023-01-09T13:43:23","slug":"fundamentos-de-matematica","status":"publish","type":"product","link":"https:\/\/mabuko.co.mz\/site\/?product=fundamentos-de-matematica","title":{"rendered":"FUNDAMENTOS DE MATEM\u00c1TICA"},"content":{"rendered":"<p>Waldemar De Maio<\/p>\n<p>9788521617051<\/p>\n","protected":false},"excerpt":{"rendered":"<p><strong>SINOPSE<\/strong><\/p>\n<div class=\"a-expander-content a-expander-partial-collapse-content a-expander-content-expanded\" aria-expanded=\"true\">O livro prop\u00f5e um novo m\u00e9todo para o ensino da Matem\u00e1tica. Seu autor, Waldemar De Maio, parte da experi\u00eancia como professor em todos os n\u00edveis de ensino, do fundamental ao superior e p\u00f3s-gradua\u00e7\u00e3o, e da soma de estudos de F\u00edsica, Biologia (em especial a neurofisiologia), Inform\u00e1tica, L\u00f3gica Cl\u00e1ssica e Matem\u00e1tica. Desenvolveu pesquisas na \u00e1rea de neuromatem\u00e1tica &#8211; integra\u00e7\u00e3o das ci\u00eancias da educa\u00e7\u00e3o com a neuroci\u00eancia &#8211; e um programa de ensino-aprendizagem mais correto e eficaz, uma vez apoiado no funcionamento biol\u00f3gico natural, gen\u00e9tico, do c\u00e9rebro humano e na intera\u00e7\u00e3o que faz de suas estruturas, em especial a \u00e1rea das mem\u00f3rias, do centro l\u00f3gico e da representa\u00e7\u00e3o simb\u00f3lica do meio onde atua e est\u00e1 inserido. O autor lembra que todos os conhecimentos da humanidade, inclusive os gen\u00e9ticos, foram adquiridos na intera\u00e7\u00e3o do homem com o meio, na rela\u00e7\u00e3o entre teoria, pr\u00e1tica e cotidiano. Com experi\u00eancias nos \u00faltimos dez anos, elaborou o projeto pedag\u00f3gico para os cursos de Matem\u00e1tica da UNIP e um conte\u00fado program\u00e1tico que seria a estrutura b\u00e1sica de todas as disciplinas e que restabelece a liga\u00e7\u00e3o entre os elementos da sociedade e as novas demandas da estrutura social. Os resultados obtidos pelos alunos comprovam a efic\u00e1cia da metodologia, que visa a um melhor preparo para ingresso no mercado de trabalho de uma sociedade altamente tecnol\u00f3gica e competitiva.<\/div>\n<div class=\"a-expander-header a-expander-partial-collapse-header\"><\/div>\n","protected":false},"featured_media":6494,"template":"","meta":{"_monsterinsights_skip_tracking":false,"_monsterinsights_sitenote_active":false,"_monsterinsights_sitenote_note":"","_monsterinsights_sitenote_category":0},"product_cat":[102],"product_tag":[],"class_list":{"0":"post-6493","1":"product","2":"type-product","3":"status-publish","4":"has-post-thumbnail","6":"product_cat-livros-tecnicos","7":"pa_book-author-waldemar-de-maio","9":"first","10":"outofstock","11":"shipping-taxable","12":"purchasable","13":"product-type-simple"},"_links":{"self":[{"href":"https:\/\/mabuko.co.mz\/site\/index.php?rest_route=\/wp\/v2\/product\/6493","targetHints":{"allow":["GET"]}}],"collection":[{"href":"https:\/\/mabuko.co.mz\/site\/index.php?rest_route=\/wp\/v2\/product"}],"about":[{"href":"https:\/\/mabuko.co.mz\/site\/index.php?rest_route=\/wp\/v2\/types\/product"}],"wp:featuredmedia":[{"embeddable":true,"href":"https:\/\/mabuko.co.mz\/site\/index.php?rest_route=\/wp\/v2\/media\/6494"}],"wp:attachment":[{"href":"https:\/\/mabuko.co.mz\/site\/index.php?rest_route=%2Fwp%2Fv2%2Fmedia&parent=6493"}],"wp:term":[{"taxonomy":"product_cat","embeddable":true,"href":"https:\/\/mabuko.co.mz\/site\/index.php?rest_route=%2Fwp%2Fv2%2Fproduct_cat&post=6493"},{"taxonomy":"product_tag","embeddable":true,"href":"https:\/\/mabuko.co.mz\/site\/index.php?rest_route=%2Fwp%2Fv2%2Fproduct_tag&post=6493"}],"curies":[{"name":"wp","href":"https:\/\/api.w.org\/{rel}","templated":true}]}}