{"id":6491,"date":"2022-09-29T13:36:15","date_gmt":"2022-09-29T13:36:15","guid":{"rendered":"https:\/\/mabuko.co.mz\/?post_type=product&#038;p=6491"},"modified":"2023-01-09T13:44:06","modified_gmt":"2023-01-09T13:44:06","slug":"metalografia-dos-produtos-siderurgicos-comuns","status":"publish","type":"product","link":"https:\/\/mabuko.co.mz\/site\/?product=metalografia-dos-produtos-siderurgicos-comuns","title":{"rendered":"METALOGRAFIA DOS PRODUTOS SIDER\u00daRGICOS COMUNS"},"content":{"rendered":"<p>Hubertus Colpaert<\/p>\n<p>9788521204497<\/p>\n","protected":false},"excerpt":{"rendered":"<p><strong>SINOPSE<\/strong><\/p>\n<p>Lan\u00e7ado pela primeira vez em 1951, reunindo a vasta experi\u00eancia do Professor Hubertus Colpaert na Sec\u00e7\u00e3o de Metalografia do Instituto de Pesquisas tecnol\u00f3gicas de S\u00e3o Paulo, este livro se transformou, rapidamente, numa das mais importantes referencias Brasileiras para todos os profissionais interessados no processamento, tratamento e emprego de a\u00e7os e ferros fundidos. Uma feliz combina\u00e7\u00e3o de Atlas de Metalografia dos a\u00e7os e ferros fundidos, manual de t\u00e9cnicas metalogr\u00e1ficas e texto introdut\u00f3rio aos fundamentos das transforma\u00e7\u00f5es de fases e aos tratamentos t\u00e9rmicos destes materiais, o livro, carinhosamente conhecido como &#8220;o Colpaert&#8221; educou gera\u00e7\u00f5es de metalurgistas brasileiros. Nesta edi\u00e7\u00e3o, revista e actualizada pelo Prof. Andr\u00e9 Luiz V. da Costa e Silva buscou-se preservar o esp\u00edrito da edi\u00e7\u00e3o original, agregando, entretanto, os importantes desenvolvimentos ocorridos nas \u00faltimas d\u00e9cadas, tanto sob o aspecto dos produtos sider\u00fargicos como das t\u00e9cnicas de caracteriza\u00e7\u00e3o assim como o progresso na compreens\u00e3o das transforma\u00e7\u00f5es que permitiram a realiza\u00e7\u00e3o dos extraordin\u00e1rios desenvolvimentos destas ligas.<\/p>\n","protected":false},"featured_media":6492,"template":"","meta":{"_monsterinsights_skip_tracking":false,"_monsterinsights_sitenote_active":false,"_monsterinsights_sitenote_note":"","_monsterinsights_sitenote_category":0},"product_cat":[102],"product_tag":[],"class_list":{"0":"post-6491","1":"product","2":"type-product","3":"status-publish","4":"has-post-thumbnail","6":"product_cat-livros-tecnicos","7":"pa_book-author-hubertus-colpaert","9":"first","10":"outofstock","11":"shipping-taxable","12":"purchasable","13":"product-type-simple"},"_links":{"self":[{"href":"https:\/\/mabuko.co.mz\/site\/index.php?rest_route=\/wp\/v2\/product\/6491","targetHints":{"allow":["GET"]}}],"collection":[{"href":"https:\/\/mabuko.co.mz\/site\/index.php?rest_route=\/wp\/v2\/product"}],"about":[{"href":"https:\/\/mabuko.co.mz\/site\/index.php?rest_route=\/wp\/v2\/types\/product"}],"wp:featuredmedia":[{"embeddable":true,"href":"https:\/\/mabuko.co.mz\/site\/index.php?rest_route=\/wp\/v2\/media\/6492"}],"wp:attachment":[{"href":"https:\/\/mabuko.co.mz\/site\/index.php?rest_route=%2Fwp%2Fv2%2Fmedia&parent=6491"}],"wp:term":[{"taxonomy":"product_cat","embeddable":true,"href":"https:\/\/mabuko.co.mz\/site\/index.php?rest_route=%2Fwp%2Fv2%2Fproduct_cat&post=6491"},{"taxonomy":"product_tag","embeddable":true,"href":"https:\/\/mabuko.co.mz\/site\/index.php?rest_route=%2Fwp%2Fv2%2Fproduct_tag&post=6491"}],"curies":[{"name":"wp","href":"https:\/\/api.w.org\/{rel}","templated":true}]}}