{"id":6487,"date":"2022-09-29T13:13:10","date_gmt":"2022-09-29T13:13:10","guid":{"rendered":"https:\/\/mabuko.co.mz\/?post_type=product&#038;p=6487"},"modified":"2023-01-09T13:45:14","modified_gmt":"2023-01-09T13:45:14","slug":"genomes-3","status":"publish","type":"product","link":"https:\/\/mabuko.co.mz\/site\/?product=genomes-3","title":{"rendered":"GENOMES 3"},"content":{"rendered":"<p>T.A. Brown<\/p>\n<p>9780815341383<\/p>\n","protected":false},"excerpt":{"rendered":"<p><strong>SINOPSE<\/strong><\/p>\n<p>Abrangendo gen\u00e9tica molecular desde o b\u00e1sico at\u00e9 a express\u00e3o do genoma e filogen\u00e9tica molecular, Genomes 3 \u00e9 a \u00faltima edi\u00e7\u00e3o deste livro pioneiro. Actualizado\u00a0para incorporar os principais avan\u00e7os recentes, o Genomas 3 \u00e9 um companheiro inestim\u00e1vel para qualquer estudante de gradua\u00e7\u00e3o ao longo de seus estudos em gen\u00e9tica molecular.<br \/>\nGenomas 3 baseia-se nas conquistas das duas edi\u00e7\u00f5es anteriores, colocando genomas, em vez de genes, no centro do ensino de gen\u00e9tica molecular. Reconhecendo que a pesquisa em biologia molecular estava sendo impulsionada mais pelo sequenciamento do genoma e an\u00e1lise funcional do que pela pesquisa em genes, essa abordagem ganhou impulso nos \u00faltimos anos.<\/p>\n","protected":false},"featured_media":6488,"template":"","meta":{"_monsterinsights_skip_tracking":false,"_monsterinsights_sitenote_active":false,"_monsterinsights_sitenote_note":"","_monsterinsights_sitenote_category":0},"product_cat":[102],"product_tag":[],"class_list":{"0":"post-6487","1":"product","2":"type-product","3":"status-publish","4":"has-post-thumbnail","6":"product_cat-livros-tecnicos","7":"pa_book-author-t-a-brown","9":"first","10":"outofstock","11":"shipping-taxable","12":"purchasable","13":"product-type-simple"},"_links":{"self":[{"href":"https:\/\/mabuko.co.mz\/site\/index.php?rest_route=\/wp\/v2\/product\/6487","targetHints":{"allow":["GET"]}}],"collection":[{"href":"https:\/\/mabuko.co.mz\/site\/index.php?rest_route=\/wp\/v2\/product"}],"about":[{"href":"https:\/\/mabuko.co.mz\/site\/index.php?rest_route=\/wp\/v2\/types\/product"}],"wp:featuredmedia":[{"embeddable":true,"href":"https:\/\/mabuko.co.mz\/site\/index.php?rest_route=\/wp\/v2\/media\/6488"}],"wp:attachment":[{"href":"https:\/\/mabuko.co.mz\/site\/index.php?rest_route=%2Fwp%2Fv2%2Fmedia&parent=6487"}],"wp:term":[{"taxonomy":"product_cat","embeddable":true,"href":"https:\/\/mabuko.co.mz\/site\/index.php?rest_route=%2Fwp%2Fv2%2Fproduct_cat&post=6487"},{"taxonomy":"product_tag","embeddable":true,"href":"https:\/\/mabuko.co.mz\/site\/index.php?rest_route=%2Fwp%2Fv2%2Fproduct_tag&post=6487"}],"curies":[{"name":"wp","href":"https:\/\/api.w.org\/{rel}","templated":true}]}}