{"id":6455,"date":"2022-09-23T12:13:34","date_gmt":"2022-09-23T12:13:34","guid":{"rendered":"https:\/\/mabuko.co.mz\/?post_type=product&#038;p=6455"},"modified":"2023-01-09T13:10:19","modified_gmt":"2023-01-09T13:10:19","slug":"mitos-e-lendas-do-antigo-egito","status":"publish","type":"product","link":"https:\/\/mabuko.co.mz\/site\/?product=mitos-e-lendas-do-antigo-egito","title":{"rendered":"MITOS E LENDAS DO ANTIGO EGITO"},"content":{"rendered":"<p>Lu\u00eds Manuel de Ara\u00fajo<\/p>\n<p>9789725613733<\/p>\n","protected":false},"excerpt":{"rendered":"<p><strong>SINOPSE<\/strong><\/p>\n<p>O mito \u00e9 uma narrativa acerca de deuses e de her\u00f3is, mas tamb\u00e9m \u00e9 uma narrativa acerca da origem do mundo e sua subsequente ordena\u00e7\u00e3o. Neste sentido inscreve-se em pleno no \u00abera uma vez\u00bb&#8230; Dele ressalta uma clara atemporalidade, sem antes nem depois, dado que o mito se situa para al\u00e9m de todo o tempo, onde a causalidade \u00e9 preterida, desenvolvendo-se em tempo primordial e fora do tempo hist\u00f3rico.<\/p>\n<p>Quer ponha ou n\u00e3o em ac\u00e7\u00e3o uma hierogamia, o mito cosmog\u00f3nico, para al\u00e9m da sua importante fun\u00e7\u00e3o de modelo e de justifica\u00e7\u00e3o de todas as ac\u00e7\u00f5es humanas, forma tamb\u00e9m o arqu\u00e9tipo de um conjunto de ritos e sistemas rituais \u2013 \u00e9 que os mitos justificam as liturgias rituais que asseguram a instala\u00e7\u00e3o da comunidade na paisagem dos deuses e dos homens e tamb\u00e9m o bom curso do universo. E sendo a antiga religi\u00e3o eg\u00edpcia essencialmente uma religi\u00e3o cultural, h\u00e1 quem defenda a prioridade do rito sobre o mito, o que justificaria uma grande preponder\u00e2ncia das pr\u00e1ticas rituais lit\u00fargicas do Egito fara\u00f3nico, desta forma se conformando, de uma forma harmoniosa e complementar, o mito e o ritual. Tal como noutras culturas pr\u00e9-cl\u00e1ssicas, tamb\u00e9m do antigo Egito nos chegaram narrativas ou epopeias mitol\u00f3gicas, n\u00e3o propriamente os mitos, os quais existiram numa fase oral para serem como que teatralizados no rito \u2013 e aqui o mito era vivencialmente narrado pelos oficiantes de servi\u00e7o.<\/p>\n<p>Numa defini\u00e7\u00e3o globalizante, o mito pode considerar-se como uma narrativa (com a\u00e7\u00e3o e personagens memor\u00e1veis), cujo autor n\u00e3o \u00e9 identific\u00e1vel, e que tem como tema o fundo lend\u00e1rio, \u00e9tnico e imagin\u00e1rio.<br \/>\nO esquema mitol\u00f3gico fundamental do Egito antigo \u00e9 de f\u00e1cil apreens\u00e3o, organizando-se em est\u00e1gios que se v\u00e3o desenvolvendo at\u00e9 ao pretendido final: o incontestado e firme estabelecimento de H\u00f3rus como rei do mundo, ap\u00f3s a sua vit\u00f3ria sobre o mal (o \u00ednvio e tumultuoso Set). A assun\u00e7\u00e3o do poder por H\u00f3rus, filho de \u00cdsis e de Os\u00edris, quedar-se-ia bem patenteada na milenar institui\u00e7\u00e3o do faraonato, que ao longo de muitos s\u00e9culos se hirtou em fundamentos h\u00f3ricos e os\u00edricos \u2013 quanto ao prostrado e ressuscitado Os\u00edris, este passa a reinar no outro mundo,deixando a realeza terrestre para o rei do Alto e do Baixo Egito, um H\u00f3rus vivo, e assim foi durante os tr\u00eas mil anos da civiliza\u00e7\u00e3o eg\u00edpcia.<\/p>\n","protected":false},"featured_media":6456,"template":"","meta":{"_monsterinsights_skip_tracking":false,"_monsterinsights_sitenote_active":false,"_monsterinsights_sitenote_note":"","_monsterinsights_sitenote_category":0},"product_cat":[102],"product_tag":[],"class_list":{"0":"post-6455","1":"product","2":"type-product","3":"status-publish","4":"has-post-thumbnail","6":"product_cat-livros-tecnicos","7":"pa_book-author-luis-manuel-de-araujo","9":"first","10":"outofstock","11":"downloadable","12":"shipping-taxable","13":"purchasable","14":"product-type-simple"},"_links":{"self":[{"href":"https:\/\/mabuko.co.mz\/site\/index.php?rest_route=\/wp\/v2\/product\/6455","targetHints":{"allow":["GET"]}}],"collection":[{"href":"https:\/\/mabuko.co.mz\/site\/index.php?rest_route=\/wp\/v2\/product"}],"about":[{"href":"https:\/\/mabuko.co.mz\/site\/index.php?rest_route=\/wp\/v2\/types\/product"}],"wp:featuredmedia":[{"embeddable":true,"href":"https:\/\/mabuko.co.mz\/site\/index.php?rest_route=\/wp\/v2\/media\/6456"}],"wp:attachment":[{"href":"https:\/\/mabuko.co.mz\/site\/index.php?rest_route=%2Fwp%2Fv2%2Fmedia&parent=6455"}],"wp:term":[{"taxonomy":"product_cat","embeddable":true,"href":"https:\/\/mabuko.co.mz\/site\/index.php?rest_route=%2Fwp%2Fv2%2Fproduct_cat&post=6455"},{"taxonomy":"product_tag","embeddable":true,"href":"https:\/\/mabuko.co.mz\/site\/index.php?rest_route=%2Fwp%2Fv2%2Fproduct_tag&post=6455"}],"curies":[{"name":"wp","href":"https:\/\/api.w.org\/{rel}","templated":true}]}}