{"id":6320,"date":"2022-09-15T14:42:21","date_gmt":"2022-09-15T14:42:21","guid":{"rendered":"https:\/\/mabuko.co.mz\/?post_type=product&#038;p=6320"},"modified":"2023-01-09T12:41:12","modified_gmt":"2023-01-09T12:41:12","slug":"o-quotidiano-e-o-inconsciente","status":"publish","type":"product","link":"https:\/\/mabuko.co.mz\/site\/?product=o-quotidiano-e-o-inconsciente","title":{"rendered":"O QUOTIDIANO E O INCONSCIENTE"},"content":{"rendered":"<p>Hafsa Chbani<\/p>\n<p>Manuel Perez-Sanchez<\/p>\n<p>9789728449223<\/p>\n","protected":false},"excerpt":{"rendered":"<p><strong>SINOPSE<\/strong><\/p>\n<p>Partindo do m\u00e9todo de observa\u00e7\u00e3o de beb\u00e9s, desenvolvido por Esther Bick, os autores promovem uma discuss\u00e3o sobre a natureza singular da observa\u00e7\u00e3o e as suas implica\u00e7\u00f5es na cl\u00ednica e para al\u00e9m dela.<\/p>\n","protected":false},"featured_media":6321,"template":"","meta":{"_monsterinsights_skip_tracking":false,"_monsterinsights_sitenote_active":false,"_monsterinsights_sitenote_note":"","_monsterinsights_sitenote_category":0},"product_cat":[102],"product_tag":[],"class_list":{"0":"post-6320","1":"product","2":"type-product","3":"status-publish","4":"has-post-thumbnail","6":"product_cat-livros-tecnicos","7":"pa_book-author-hafsa-chbani","8":"pa_book-author-manuel-perez-sanchez","10":"first","11":"outofstock","12":"shipping-taxable","13":"purchasable","14":"product-type-simple"},"_links":{"self":[{"href":"https:\/\/mabuko.co.mz\/site\/index.php?rest_route=\/wp\/v2\/product\/6320","targetHints":{"allow":["GET"]}}],"collection":[{"href":"https:\/\/mabuko.co.mz\/site\/index.php?rest_route=\/wp\/v2\/product"}],"about":[{"href":"https:\/\/mabuko.co.mz\/site\/index.php?rest_route=\/wp\/v2\/types\/product"}],"wp:featuredmedia":[{"embeddable":true,"href":"https:\/\/mabuko.co.mz\/site\/index.php?rest_route=\/wp\/v2\/media\/6321"}],"wp:attachment":[{"href":"https:\/\/mabuko.co.mz\/site\/index.php?rest_route=%2Fwp%2Fv2%2Fmedia&parent=6320"}],"wp:term":[{"taxonomy":"product_cat","embeddable":true,"href":"https:\/\/mabuko.co.mz\/site\/index.php?rest_route=%2Fwp%2Fv2%2Fproduct_cat&post=6320"},{"taxonomy":"product_tag","embeddable":true,"href":"https:\/\/mabuko.co.mz\/site\/index.php?rest_route=%2Fwp%2Fv2%2Fproduct_tag&post=6320"}],"curies":[{"name":"wp","href":"https:\/\/api.w.org\/{rel}","templated":true}]}}