{"id":6316,"date":"2022-09-15T14:16:27","date_gmt":"2022-09-15T14:16:27","guid":{"rendered":"https:\/\/mabuko.co.mz\/?post_type=product&#038;p=6316"},"modified":"2023-01-09T12:46:28","modified_gmt":"2023-01-09T12:46:28","slug":"sociologia","status":"publish","type":"product","link":"https:\/\/mabuko.co.mz\/site\/?product=sociologia","title":{"rendered":"SOCIOLOGIA"},"content":{"rendered":"<p>J.M. Carvalho Ferreira<\/p>\n<p>9789785923030<\/p>\n","protected":false},"excerpt":{"rendered":"<p><strong>SINOPSE<\/strong><\/p>\n<p>O texto que aqui apresentamos ao p\u00fablico leitor \u00e9 um Manual de Sociologia. Queremos com esta afirma\u00e7\u00e3o deixar claro que n\u00e3o pretendemos produzir qualquer documento definitivo ou modelizador dos conhecimentos desta \u00e1rea disciplinar,mas apenas uma interpreta\u00e7\u00e3o poss\u00edvel daquilo que foi e \u00e9 uma das ci\u00eancias que constituem a tessitura do social. H\u00e1 nele a mod\u00e9stia de quem considera que a obra produzida tem o destino de qualquer empreendimento cient\u00edfico do social:a p\u00e1tina do tempo se encarregar\u00e1 de a avaliar.<br \/>\n\u00c9 neste sentido que os seis primeiros cap\u00edtulos n\u00e3o podem ser vistos como uma mera hist\u00f3ria da disciplina. Eles s\u00e3o,em nosso entender,a melhor forma de expressar o que \u00e9 a linguagem sociol\u00f3gica e o que define o patrim\u00f3nio dos soci\u00f3logos contempor\u00e2neos. Na segunda parte deste manual,e navegando pelo rio do social,opt\u00e1mos por descrever e ilustrar temas de duas margens em momentos particulares do percurso,referindo algumas das pontes que a descida do rio permite perspectivar. As terceira e quarta partes do manual discutem quest\u00f5es que preocupam os actores sociais desde tempos imemoriais. Depois de equacionado o patrim\u00f3nio lingu\u00edstico e tem\u00e1tico da disciplina, e configuradas as balizas te\u00f3ricas em torno das quais gravitam as diferentes perspectivas,era for\u00e7oso considerar o tratamento de alguns temas que pela sua centralidade e pelo seu impacto definissem o pr\u00f3prio esp\u00edrito da disciplina.<br \/>\nEm conclus\u00e3o,este \u00e9,sobretudo,um manual de tr\u00eas di\u00e1logos justapostos:com o passado,do qual herd\u00e1mos a tradi\u00e7\u00e3o que estabelece o l\u00e9xico que nos norteia e dirige; com o presente, de um corpo discente que sente e experimenta a redescoberta de debates intemporais; por fim,com um futuro,constru\u00eddo com base num ideal universit\u00e1rio de tochas de luz descobridora de caminhos.<\/p>\n","protected":false},"featured_media":6317,"template":"","meta":{"_monsterinsights_skip_tracking":false,"_monsterinsights_sitenote_active":false,"_monsterinsights_sitenote_note":"","_monsterinsights_sitenote_category":0},"product_cat":[102],"product_tag":[],"class_list":{"0":"post-6316","1":"product","2":"type-product","3":"status-publish","4":"has-post-thumbnail","6":"product_cat-livros-tecnicos","7":"pa_book-author-j-m-carvalho-ferreira","9":"first","10":"outofstock","11":"shipping-taxable","12":"purchasable","13":"product-type-simple"},"_links":{"self":[{"href":"https:\/\/mabuko.co.mz\/site\/index.php?rest_route=\/wp\/v2\/product\/6316","targetHints":{"allow":["GET"]}}],"collection":[{"href":"https:\/\/mabuko.co.mz\/site\/index.php?rest_route=\/wp\/v2\/product"}],"about":[{"href":"https:\/\/mabuko.co.mz\/site\/index.php?rest_route=\/wp\/v2\/types\/product"}],"wp:featuredmedia":[{"embeddable":true,"href":"https:\/\/mabuko.co.mz\/site\/index.php?rest_route=\/wp\/v2\/media\/6317"}],"wp:attachment":[{"href":"https:\/\/mabuko.co.mz\/site\/index.php?rest_route=%2Fwp%2Fv2%2Fmedia&parent=6316"}],"wp:term":[{"taxonomy":"product_cat","embeddable":true,"href":"https:\/\/mabuko.co.mz\/site\/index.php?rest_route=%2Fwp%2Fv2%2Fproduct_cat&post=6316"},{"taxonomy":"product_tag","embeddable":true,"href":"https:\/\/mabuko.co.mz\/site\/index.php?rest_route=%2Fwp%2Fv2%2Fproduct_tag&post=6316"}],"curies":[{"name":"wp","href":"https:\/\/api.w.org\/{rel}","templated":true}]}}