{"id":6286,"date":"2022-09-15T09:00:24","date_gmt":"2022-09-15T09:00:24","guid":{"rendered":"https:\/\/mabuko.co.mz\/?post_type=product&#038;p=6286"},"modified":"2023-01-09T12:54:57","modified_gmt":"2023-01-09T12:54:57","slug":"sociologa","status":"publish","type":"product","link":"https:\/\/mabuko.co.mz\/site\/?product=sociologa","title":{"rendered":"SOCIOLOGIA"},"content":{"rendered":"<p>Stephen Moore<\/p>\n<p>5601072523197<\/p>\n","protected":false},"excerpt":{"rendered":"<p><strong>SINOPSE<\/strong><\/p>\n<p>&#8220;As preocupa\u00e7\u00f5es da Sociologia actual; As principais abordagens te\u00f3ricas;Um vasto conjunto de tem\u00e1ticas em an\u00e1lise;Exposi\u00e7\u00e3o clara e concisa.&#8221;<\/p>\n","protected":false},"featured_media":6287,"template":"","meta":{"_monsterinsights_skip_tracking":false,"_monsterinsights_sitenote_active":false,"_monsterinsights_sitenote_note":"","_monsterinsights_sitenote_category":0},"product_cat":[102],"product_tag":[],"class_list":{"0":"post-6286","1":"product","2":"type-product","3":"status-publish","4":"has-post-thumbnail","6":"product_cat-livros-tecnicos","7":"pa_book-author-stephen-moore","9":"first","10":"outofstock","11":"shipping-taxable","12":"purchasable","13":"product-type-simple"},"_links":{"self":[{"href":"https:\/\/mabuko.co.mz\/site\/index.php?rest_route=\/wp\/v2\/product\/6286","targetHints":{"allow":["GET"]}}],"collection":[{"href":"https:\/\/mabuko.co.mz\/site\/index.php?rest_route=\/wp\/v2\/product"}],"about":[{"href":"https:\/\/mabuko.co.mz\/site\/index.php?rest_route=\/wp\/v2\/types\/product"}],"wp:featuredmedia":[{"embeddable":true,"href":"https:\/\/mabuko.co.mz\/site\/index.php?rest_route=\/wp\/v2\/media\/6287"}],"wp:attachment":[{"href":"https:\/\/mabuko.co.mz\/site\/index.php?rest_route=%2Fwp%2Fv2%2Fmedia&parent=6286"}],"wp:term":[{"taxonomy":"product_cat","embeddable":true,"href":"https:\/\/mabuko.co.mz\/site\/index.php?rest_route=%2Fwp%2Fv2%2Fproduct_cat&post=6286"},{"taxonomy":"product_tag","embeddable":true,"href":"https:\/\/mabuko.co.mz\/site\/index.php?rest_route=%2Fwp%2Fv2%2Fproduct_tag&post=6286"}],"curies":[{"name":"wp","href":"https:\/\/api.w.org\/{rel}","templated":true}]}}