{"id":6283,"date":"2022-09-15T08:48:42","date_gmt":"2022-09-15T08:48:42","guid":{"rendered":"https:\/\/mabuko.co.mz\/?post_type=product&#038;p=6283"},"modified":"2023-01-09T11:33:33","modified_gmt":"2023-01-09T11:33:33","slug":"a-sociedade-da-abundancia","status":"publish","type":"product","link":"https:\/\/mabuko.co.mz\/site\/?product=a-sociedade-da-abundancia","title":{"rendered":"A SOCIEDADE DA ABUND\u00c2NCIA"},"content":{"rendered":"<p>John Kenneth Galbraith<\/p>\n<p>&nbsp;<\/p>\n","protected":false},"excerpt":{"rendered":"<p><strong>SINOPSE<\/strong><\/p>\n<p>A \u00absociedade da abund\u00e2ncia\u00bb <em>(the affluent society<\/em>) \u00e9 um termo que j\u00e1 entrou na l\u00edngua americana, e seguramente que poucas obras sobre economia tiveram t\u00e3o profundo efeito sobre a consci\u00eancia geral da Am\u00e9rica. Na verdade, este livro foi escolhido por comiss\u00e3o especial da Associa\u00e7\u00e3o Americana de Bibliotecas coo um dos cinquenta livros mais importantes dos \u00faltimos cem anos. As suas ideias e rem\u00e9dios continuam a ser tanto do nosso tempo que \u00e9 dif\u00edcil acreditar que A Sociedade da Abund\u00e2ncia foi publicado h\u00e1 quase vinte anos e toda uma gera\u00e7\u00e3o cresceu \u00e0 sua sombra.<\/p>\n<p>Nesta edi\u00e7\u00e3o, revista, o autor actualizou a informa\u00e7\u00e3o e p\u00f4s muitos dos aspectos da sua argumenta\u00e7\u00e3o b\u00e1sica em perspectivas mais amplas suscitadas pelos anos decorrentes.<\/p>\n<p>Embora continue a ser, em particular, uma obra do seu tempo, \u00e9 para al\u00e9m disso uma obra cl\u00e1ssica cuja mensagem apenas se tornou mais relevante e urgente nos anos posteriores \u00e0 sua publica\u00e7\u00e3o. Agora, na sua forma actualizada, \u00e9 leitura essencial para todos.<\/p>\n","protected":false},"featured_media":6284,"template":"","meta":{"_monsterinsights_skip_tracking":false,"_monsterinsights_sitenote_active":false,"_monsterinsights_sitenote_note":"","_monsterinsights_sitenote_category":0},"product_cat":[102],"product_tag":[],"class_list":{"0":"post-6283","1":"product","2":"type-product","3":"status-publish","4":"has-post-thumbnail","6":"product_cat-livros-tecnicos","7":"pa_book-author-john-kenneth-galbraith","9":"first","10":"outofstock","11":"shipping-taxable","12":"purchasable","13":"product-type-simple"},"_links":{"self":[{"href":"https:\/\/mabuko.co.mz\/site\/index.php?rest_route=\/wp\/v2\/product\/6283","targetHints":{"allow":["GET"]}}],"collection":[{"href":"https:\/\/mabuko.co.mz\/site\/index.php?rest_route=\/wp\/v2\/product"}],"about":[{"href":"https:\/\/mabuko.co.mz\/site\/index.php?rest_route=\/wp\/v2\/types\/product"}],"wp:featuredmedia":[{"embeddable":true,"href":"https:\/\/mabuko.co.mz\/site\/index.php?rest_route=\/wp\/v2\/media\/6284"}],"wp:attachment":[{"href":"https:\/\/mabuko.co.mz\/site\/index.php?rest_route=%2Fwp%2Fv2%2Fmedia&parent=6283"}],"wp:term":[{"taxonomy":"product_cat","embeddable":true,"href":"https:\/\/mabuko.co.mz\/site\/index.php?rest_route=%2Fwp%2Fv2%2Fproduct_cat&post=6283"},{"taxonomy":"product_tag","embeddable":true,"href":"https:\/\/mabuko.co.mz\/site\/index.php?rest_route=%2Fwp%2Fv2%2Fproduct_tag&post=6283"}],"curies":[{"name":"wp","href":"https:\/\/api.w.org\/{rel}","templated":true}]}}