{"id":6226,"date":"2022-09-14T07:50:06","date_gmt":"2022-09-14T07:50:06","guid":{"rendered":"https:\/\/mabuko.co.mz\/?post_type=product&#038;p=6226"},"modified":"2023-01-09T12:00:37","modified_gmt":"2023-01-09T12:00:37","slug":"turismo-nos-paises-lusofonos-conhecimento-estrategia-e-territorios","status":"publish","type":"product","link":"https:\/\/mabuko.co.mz\/site\/?product=turismo-nos-paises-lusofonos-conhecimento-estrategia-e-territorios","title":{"rendered":"TURISMO NOS PA\u00cdSES LUS\u00d3FONOS: CONHECIMENTO, ESTRAT\u00c9GIA E TERRIT\u00d3RIOS"},"content":{"rendered":"<p>Carlos Costa<\/p>\n<p>Rui Costa<\/p>\n<p>Z\u00e9lia Breda<\/p>\n<p>9789725924112<\/p>\n","protected":false},"excerpt":{"rendered":"<p><strong>SINOPSE<\/strong><\/p>\n<p>Este livro analisa e discute os factores determinantes que devem estar presentes na \u2018nova\u2019 gest\u00e3o e planeamento dos territ\u00f3rios tur\u00edsticos. Tornar os territ\u00f3rios tur\u00edsticos da Lusofonia mais competitivos implica que estes se venham a dotar de estrat\u00e9gias de planeamento e gest\u00e3o adequadas \u00e0s novas realidades.<\/p>\n<p>Neste livro, discutem-se quest\u00f5es chave em torno daquele que deve ser o \u2018novo\u2019 planeamento e a \u2018nova\u2019 gest\u00e3o dos territ\u00f3rios tur\u00edsticos. Sendo que um dos objectivos centrais \u00e9 o de introduzir novas formas de planeamento, gest\u00e3o dos territ\u00f3rios tur\u00edsticos. Sendo que um dos objectivos centrais \u00e9 o introduzir novas formas de planeamento, gest\u00e3o e competitividade nos pa\u00edses da Lusofonia, este volume integra uma sec\u00e7\u00e3o sobre os territ\u00f3rios lus\u00f3fonos, com objectivo de se avaliar a forma como o sector do turismo se encontra a desenvolver ao n\u00edvel destes espa\u00e7os de l\u00edngua e cultura portuguesas.<\/p>\n","protected":false},"featured_media":6227,"template":"","meta":{"_monsterinsights_skip_tracking":false,"_monsterinsights_sitenote_active":false,"_monsterinsights_sitenote_note":"","_monsterinsights_sitenote_category":0},"product_cat":[102],"product_tag":[],"class_list":{"0":"post-6226","1":"product","2":"type-product","3":"status-publish","4":"has-post-thumbnail","6":"product_cat-livros-tecnicos","7":"pa_book-author-carlos-costa","8":"pa_book-author-rui-costa","9":"pa_book-author-zelia-breda","11":"first","12":"outofstock","13":"shipping-taxable","14":"purchasable","15":"product-type-simple"},"_links":{"self":[{"href":"https:\/\/mabuko.co.mz\/site\/index.php?rest_route=\/wp\/v2\/product\/6226","targetHints":{"allow":["GET"]}}],"collection":[{"href":"https:\/\/mabuko.co.mz\/site\/index.php?rest_route=\/wp\/v2\/product"}],"about":[{"href":"https:\/\/mabuko.co.mz\/site\/index.php?rest_route=\/wp\/v2\/types\/product"}],"wp:featuredmedia":[{"embeddable":true,"href":"https:\/\/mabuko.co.mz\/site\/index.php?rest_route=\/wp\/v2\/media\/6227"}],"wp:attachment":[{"href":"https:\/\/mabuko.co.mz\/site\/index.php?rest_route=%2Fwp%2Fv2%2Fmedia&parent=6226"}],"wp:term":[{"taxonomy":"product_cat","embeddable":true,"href":"https:\/\/mabuko.co.mz\/site\/index.php?rest_route=%2Fwp%2Fv2%2Fproduct_cat&post=6226"},{"taxonomy":"product_tag","embeddable":true,"href":"https:\/\/mabuko.co.mz\/site\/index.php?rest_route=%2Fwp%2Fv2%2Fproduct_tag&post=6226"}],"curies":[{"name":"wp","href":"https:\/\/api.w.org\/{rel}","templated":true}]}}