{"id":6218,"date":"2022-09-13T14:32:56","date_gmt":"2022-09-13T14:32:56","guid":{"rendered":"https:\/\/mabuko.co.mz\/?post_type=product&#038;p=6218"},"modified":"2023-01-09T12:13:39","modified_gmt":"2023-01-09T12:13:39","slug":"dicionario-de-psicologia-de-a-a-z","status":"publish","type":"product","link":"https:\/\/mabuko.co.mz\/site\/?product=dicionario-de-psicologia-de-a-a-z","title":{"rendered":"DICION\u00c1RIO DE PSICOLOGIA DE A A Z"},"content":{"rendered":"<p>Alain Lieury<\/p>\n<p>Camilo Charron<\/p>\n<p>Nathalie Dumet<\/p>\n<p>Nicolas Gu\u00e9guen<\/p>\n<p>St\u00e9phane Rusinek<\/p>\n<p>9789725923672<\/p>\n","protected":false},"excerpt":{"rendered":"<p><strong>SINOPSE<\/strong><\/p>\n<p>O Dicion\u00e1rio de Psicologia de A a Z explica as ideias principais e os conceitos mais importantes desta disciplina, ao n\u00edvel dos primeiros anos da licenciatura. Os termos de base, suscept\u00edveis de responder \u00e0s expectativas da maioria dos estudantes, foram seleccionados voluntariamente, e abordam-se os diversos dom\u00ednios da Psicologia.<\/p>\n<p>Cada entrada come\u00e7a com uma defini\u00e7\u00e3o simples e breve, e depois os termos s\u00e3o explicados de uma forma mais detalhada, demonstrando-se como se podem relacionar com os outros, revelando dom\u00ednios pr\u00f3ximos. Fez-se um especial esfor\u00e7o para alcan\u00e7ar um equil\u00edbrio entre dar uma explica\u00e7\u00e3o simples, destinada a um leitor que se depara pela primeira vez com um termo, e propor informa\u00e7\u00f5es suficientemente detalhadas, que respondem \u00e0s exig\u00eancias de um leitor que coloca a quest\u00e3o Qual o significado do termo\u2026?<\/p>\n<p>As entradas est\u00e3o ligadas atrav\u00e9s de refer\u00eancias cruzadas, sendo que os termos em it\u00e1lico remetem para outras entradas. Ao longo do ano, o leitor pode consultar o Dicion\u00e1rio de Psicologia de A a Z de forma pontual; folhear a obra e utiliz\u00e1-la para melhor compreender as no\u00e7\u00f5es base. Este livro visa ajudar igualmente a abordar novos conceitos, pelo que ser\u00e1 tamb\u00e9m \u00fatil para os vossos estudos. Por fim, em cada uma das defini\u00e7\u00f5es v\u00e3o encontrar a tradu\u00e7\u00e3o em ingl\u00eas. Isto ser\u00e1 uma ajuda preciosa, visto que ter\u00e3o frequentemente de consultar artigos cient\u00edficos nesta l\u00edngua.<\/p>\n","protected":false},"featured_media":6220,"template":"","meta":{"_monsterinsights_skip_tracking":false,"_monsterinsights_sitenote_active":false,"_monsterinsights_sitenote_note":"","_monsterinsights_sitenote_category":0},"product_cat":[102],"product_tag":[],"class_list":{"0":"post-6218","1":"product","2":"type-product","3":"status-publish","4":"has-post-thumbnail","6":"product_cat-livros-tecnicos","7":"pa_book-author-alain-lieury","9":"first","10":"outofstock","11":"shipping-taxable","12":"purchasable","13":"product-type-simple"},"_links":{"self":[{"href":"https:\/\/mabuko.co.mz\/site\/index.php?rest_route=\/wp\/v2\/product\/6218","targetHints":{"allow":["GET"]}}],"collection":[{"href":"https:\/\/mabuko.co.mz\/site\/index.php?rest_route=\/wp\/v2\/product"}],"about":[{"href":"https:\/\/mabuko.co.mz\/site\/index.php?rest_route=\/wp\/v2\/types\/product"}],"wp:featuredmedia":[{"embeddable":true,"href":"https:\/\/mabuko.co.mz\/site\/index.php?rest_route=\/wp\/v2\/media\/6220"}],"wp:attachment":[{"href":"https:\/\/mabuko.co.mz\/site\/index.php?rest_route=%2Fwp%2Fv2%2Fmedia&parent=6218"}],"wp:term":[{"taxonomy":"product_cat","embeddable":true,"href":"https:\/\/mabuko.co.mz\/site\/index.php?rest_route=%2Fwp%2Fv2%2Fproduct_cat&post=6218"},{"taxonomy":"product_tag","embeddable":true,"href":"https:\/\/mabuko.co.mz\/site\/index.php?rest_route=%2Fwp%2Fv2%2Fproduct_tag&post=6218"}],"curies":[{"name":"wp","href":"https:\/\/api.w.org\/{rel}","templated":true}]}}