{"id":6132,"date":"2022-09-13T07:38:28","date_gmt":"2022-09-13T07:38:28","guid":{"rendered":"https:\/\/mabuko.co.mz\/?post_type=product&#038;p=6132"},"modified":"2023-01-09T10:27:23","modified_gmt":"2023-01-09T10:27:23","slug":"forca-do-verdadeiro-amor-2","status":"publish","type":"product","link":"https:\/\/mabuko.co.mz\/site\/?product=forca-do-verdadeiro-amor-2","title":{"rendered":"FOR\u00c7A DO VERDADEIRO AMOR"},"content":{"rendered":"<p>Jos\u00e9 M\u00e1rio Ant\u00f3nio Fran\u00e7a<\/p>\n","protected":false},"excerpt":{"rendered":"<p>Jos\u00e9 M\u00e1rio Ant\u00f3nio Fran\u00e7a<\/p>\n","protected":false},"featured_media":6146,"template":"","meta":{"_monsterinsights_skip_tracking":false,"_monsterinsights_sitenote_active":false,"_monsterinsights_sitenote_note":"","_monsterinsights_sitenote_category":0},"product_cat":[103],"product_tag":[],"class_list":{"0":"post-6132","1":"product","2":"type-product","3":"status-publish","4":"has-post-thumbnail","6":"product_cat-literatura","7":"pa_book-author-jose-mario-antonio-franca","9":"first","10":"outofstock","11":"shipping-taxable","12":"purchasable","13":"product-type-simple"},"_links":{"self":[{"href":"https:\/\/mabuko.co.mz\/site\/index.php?rest_route=\/wp\/v2\/product\/6132","targetHints":{"allow":["GET"]}}],"collection":[{"href":"https:\/\/mabuko.co.mz\/site\/index.php?rest_route=\/wp\/v2\/product"}],"about":[{"href":"https:\/\/mabuko.co.mz\/site\/index.php?rest_route=\/wp\/v2\/types\/product"}],"wp:featuredmedia":[{"embeddable":true,"href":"https:\/\/mabuko.co.mz\/site\/index.php?rest_route=\/wp\/v2\/media\/6146"}],"wp:attachment":[{"href":"https:\/\/mabuko.co.mz\/site\/index.php?rest_route=%2Fwp%2Fv2%2Fmedia&parent=6132"}],"wp:term":[{"taxonomy":"product_cat","embeddable":true,"href":"https:\/\/mabuko.co.mz\/site\/index.php?rest_route=%2Fwp%2Fv2%2Fproduct_cat&post=6132"},{"taxonomy":"product_tag","embeddable":true,"href":"https:\/\/mabuko.co.mz\/site\/index.php?rest_route=%2Fwp%2Fv2%2Fproduct_tag&post=6132"}],"curies":[{"name":"wp","href":"https:\/\/api.w.org\/{rel}","templated":true}]}}