{"id":6082,"date":"2022-09-02T11:55:26","date_gmt":"2022-09-02T11:55:26","guid":{"rendered":"https:\/\/mabuko.co.mz\/?post_type=product&#038;p=6082"},"modified":"2023-01-05T14:39:56","modified_gmt":"2023-01-05T14:39:56","slug":"eu-nao-tenho-medo","status":"publish","type":"product","link":"https:\/\/mabuko.co.mz\/site\/?product=eu-nao-tenho-medo","title":{"rendered":"EU N\u00c3O TENHO MEDO"},"content":{"rendered":"","protected":false},"excerpt":{"rendered":"<p><strong>SINOPSE<\/strong><\/p>\n<p>O ver\u00e3o mais quente do s\u00e9culo. Quatro casas perdidas nos campos de trigo.<\/p>\n<p>Os grandes est\u00e3o fechados em casa. Seis crian\u00e7as, nas suas bicicletas, se aventuram no campo ardente e abandonado. No meio daquele mar de espigas est\u00e1 um segredo que mudar\u00e1 para sempre a vida de uma delas.<\/p>\n<p>Depois de Ti prendo e ti porto via, Niccol\u00f2 Ammaniti neste romance vai ao cora\u00e7\u00e3o da sua narrativa, com uma est\u00f3ria tensa e de ritmo cerrado, um engenho de relojoaria que se carrega at\u00e9 uma conclus\u00e3o surpreendente e p\u00f5e em cena o pr\u00f3prio medo.<\/p>\n<p>Michele Amitrano, nove anos, encontra-se repentinamente a contas com um segredo t\u00e3o grande e terr\u00edvel que n\u00e3o sequer contar. E para enfrent\u00e1-lo dever\u00e1 encontrar for\u00e7a exactamente nas suas fantasias de menino, enquanto o leitor assiste a uma est\u00f3ria dupla: aquela vista com os olhos de Michele\u00a0 aquela, tr\u00e1gica, que envolve os grandes de Acqua Traverse, m\u00edsera localidade perdida entre os campos de trigo.<\/p>\n<p>O resultado \u00e9 um conto potente e de absoluta felicidade narrativa, onde se respiram atmosferas que v\u00e3o desde Clive Barker nas Aventuras de Tom Sawyer, \u00e0s F\u00e1bulas italianas de Calvino.<\/p>\n<p>A est\u00f3ria \u00e9 ambientada no ver\u00e3o desde t\u00f3rrido de 1978 no campo de um sul de It\u00e1lia n\u00e3o identificado, mas evcado com rara for\u00e7a descritiva. Nesta paisagem dominada pelo contraste entre luz incandescente do sol e o escuro da noite, Ammaniti alterna, com golpes de cena s\u00e1bios, a com\u00e9dia, o mundo das rela\u00e7\u00f5es infatis, a lingua e a burlesca sabedoria das crian\u00e7as, a sua tenacidade, a for\u00e7a da amizade e o drama da trai\u00e7\u00e3o. E ao mesmo tempo esbo\u00e7a um inesquec\u00edvel mostru\u00e1rio de adultos. Romance da descoberta de si mesmo atrav\u00e9s do risco mais extremo, e a necesidade de enfrent\u00e1-lo. Eu n\u00e3o tenho medo (lo non ho paura) torna-se num adeus pungente \u00e0 idade das brincadeiras e da estupefac\u00e7\u00e3o, \u00e0 energia m\u2019agica que nos faz lutar contra os monstros. E se insinua debaixo da pele de qualquer um de n\u00f3s, como uma leve punhalada no peito<strong>.<\/strong><\/p>\n","protected":false},"featured_media":0,"template":"","meta":{"_monsterinsights_skip_tracking":false,"_monsterinsights_sitenote_active":false,"_monsterinsights_sitenote_note":"","_monsterinsights_sitenote_category":0},"product_cat":[53],"product_tag":[],"class_list":{"0":"post-6082","1":"product","2":"type-product","3":"status-publish","5":"product_cat-sem-categoria","6":"pa_book-author-niccolo-ammaniti","8":"first","9":"outofstock","10":"shipping-taxable","11":"purchasable","12":"product-type-simple"},"_links":{"self":[{"href":"https:\/\/mabuko.co.mz\/site\/index.php?rest_route=\/wp\/v2\/product\/6082","targetHints":{"allow":["GET"]}}],"collection":[{"href":"https:\/\/mabuko.co.mz\/site\/index.php?rest_route=\/wp\/v2\/product"}],"about":[{"href":"https:\/\/mabuko.co.mz\/site\/index.php?rest_route=\/wp\/v2\/types\/product"}],"wp:attachment":[{"href":"https:\/\/mabuko.co.mz\/site\/index.php?rest_route=%2Fwp%2Fv2%2Fmedia&parent=6082"}],"wp:term":[{"taxonomy":"product_cat","embeddable":true,"href":"https:\/\/mabuko.co.mz\/site\/index.php?rest_route=%2Fwp%2Fv2%2Fproduct_cat&post=6082"},{"taxonomy":"product_tag","embeddable":true,"href":"https:\/\/mabuko.co.mz\/site\/index.php?rest_route=%2Fwp%2Fv2%2Fproduct_tag&post=6082"}],"curies":[{"name":"wp","href":"https:\/\/api.w.org\/{rel}","templated":true}]}}