{"id":6061,"date":"2022-09-01T12:42:06","date_gmt":"2022-09-01T12:42:06","guid":{"rendered":"https:\/\/mabuko.co.mz\/?post_type=product&#038;p=6061"},"modified":"2023-01-05T14:42:58","modified_gmt":"2023-01-05T14:42:58","slug":"nascimento-e-construcao-da-mente","status":"publish","type":"product","link":"https:\/\/mabuko.co.mz\/site\/?product=nascimento-e-construcao-da-mente","title":{"rendered":"NASCIMENTO E CONSTRU\u00c7\u00c3O DA MENTE"},"content":{"rendered":"<p>Antonio Imbasciati<\/p>\n<p>9789727960323<\/p>\n","protected":false},"excerpt":{"rendered":"<p><strong>SINOPSE<\/strong><\/p>\n<p>\u00abEm &#8220;Nascimento e Constru\u00e7\u00e3o da Mente&#8221; delineei uma teoria geral da mente com valor explicativo das rela\u00e7\u00f5es e do funcionamento da psique, e que, ao mesmo tempo, sirva para distinguir, mais claramente, o que se pode entender por m\u00e9todo e por teoria em psican\u00e1lise. Com esta teoria n\u00e3o julgo ter encontrado uma solu\u00e7\u00e3o definitiva. Todavia, espero que a minha tentativa possa contribuir para tirar a psican\u00e1lise do relativo isolamento em que se encontra, no contexto das outras ci\u00eancias e respectivo estatuto cient\u00edfico, podendo tamb\u00e9m promover uma integra\u00e7\u00e3o entre elas.\u00bb<\/p>\n","protected":false},"featured_media":6063,"template":"","meta":{"_monsterinsights_skip_tracking":false,"_monsterinsights_sitenote_active":false,"_monsterinsights_sitenote_note":"","_monsterinsights_sitenote_category":0},"product_cat":[102],"product_tag":[],"class_list":{"0":"post-6061","1":"product","2":"type-product","3":"status-publish","4":"has-post-thumbnail","6":"product_cat-livros-tecnicos","7":"pa_book-author-antonio-imbasciati","9":"first","10":"outofstock","11":"shipping-taxable","12":"purchasable","13":"product-type-simple"},"_links":{"self":[{"href":"https:\/\/mabuko.co.mz\/site\/index.php?rest_route=\/wp\/v2\/product\/6061","targetHints":{"allow":["GET"]}}],"collection":[{"href":"https:\/\/mabuko.co.mz\/site\/index.php?rest_route=\/wp\/v2\/product"}],"about":[{"href":"https:\/\/mabuko.co.mz\/site\/index.php?rest_route=\/wp\/v2\/types\/product"}],"wp:featuredmedia":[{"embeddable":true,"href":"https:\/\/mabuko.co.mz\/site\/index.php?rest_route=\/wp\/v2\/media\/6063"}],"wp:attachment":[{"href":"https:\/\/mabuko.co.mz\/site\/index.php?rest_route=%2Fwp%2Fv2%2Fmedia&parent=6061"}],"wp:term":[{"taxonomy":"product_cat","embeddable":true,"href":"https:\/\/mabuko.co.mz\/site\/index.php?rest_route=%2Fwp%2Fv2%2Fproduct_cat&post=6061"},{"taxonomy":"product_tag","embeddable":true,"href":"https:\/\/mabuko.co.mz\/site\/index.php?rest_route=%2Fwp%2Fv2%2Fproduct_tag&post=6061"}],"curies":[{"name":"wp","href":"https:\/\/api.w.org\/{rel}","templated":true}]}}