{"id":6038,"date":"2022-08-31T13:27:06","date_gmt":"2022-08-31T13:27:06","guid":{"rendered":"https:\/\/mabuko.co.mz\/?post_type=product&#038;p=6038"},"modified":"2023-01-05T14:12:24","modified_gmt":"2023-01-05T14:12:24","slug":"fisica","status":"publish","type":"product","link":"https:\/\/mabuko.co.mz\/site\/?product=fisica","title":{"rendered":"F\u00cdSICA"},"content":{"rendered":"<p>Edward J. Finn<\/p>\n<p>Marcelo Alonso<\/p>\n<p>9789725922965<\/p>\n","protected":false},"excerpt":{"rendered":"<p><strong>SINOPSE<\/strong><\/p>\n<p>Este novo livro de texto para estudantes de Ci\u00eancias e Engenharia, apresenta a f\u00edsica desde um ponto de vista contempor\u00e2neo. Os autores integraram as descri\u00e7\u00f5es newtonianas, relativista e qu\u00e2ntica da natureza, incorporando v\u00e1rios temas da actualidade da f\u00edsica moderna como s\u00e3o a explora\u00e7\u00e3o do espa\u00e7o, a cosmologia, os processos de alta energia e a mec\u00e2nica estat\u00edstica, aos temas j\u00e1 tradicionais, tratados aqui com uma forte \u00eanfase nas leis da conserva\u00e7\u00e3o, conceitos de campos de ondas e vis\u00e3o at\u00f3mica da mat\u00e9ria.<\/p>\n<p>A organiza\u00e7\u00e3o do texto oferece ao professor grande flexibilidade para adopt\u00e1-lo \u00e0s necessidades espec\u00edficas do curso. Para seguir o texto, os estudantes necessitam somente ter conhecimentos b\u00e1sicos de \u00e1lgebra, trigonometria e de c\u00e1lculo diferencial. A maior parte das demonstra\u00e7\u00f5es matem\u00e1ticas est\u00e3o separadas do texto principal, o que facilita aos estudantes a revis\u00e3o dos temas espec\u00edficos. Os exemplos ilustram a aplica\u00e7\u00e3o dos conceitos e das notas complementares, que juntamente com os exerc\u00edcios resolvidos, ampliam o conhecimento. A presente obra constitui, portanto, n\u00e3o s\u00f3 o livro de texto mais adequado para os cursos de f\u00edsica, como tamb\u00e9m uma ferramenta de consulta permanente para estudantes, professores e profissionais.<\/p>\n","protected":false},"featured_media":6039,"template":"","meta":{"_monsterinsights_skip_tracking":false,"_monsterinsights_sitenote_active":false,"_monsterinsights_sitenote_note":"","_monsterinsights_sitenote_category":0},"product_cat":[102],"product_tag":[],"class_list":{"0":"post-6038","1":"product","2":"type-product","3":"status-publish","4":"has-post-thumbnail","6":"product_cat-livros-tecnicos","7":"pa_book-author-edward-j-finn","8":"pa_book-author-marcelo-alonso","10":"first","11":"outofstock","12":"shipping-taxable","13":"purchasable","14":"product-type-simple"},"_links":{"self":[{"href":"https:\/\/mabuko.co.mz\/site\/index.php?rest_route=\/wp\/v2\/product\/6038","targetHints":{"allow":["GET"]}}],"collection":[{"href":"https:\/\/mabuko.co.mz\/site\/index.php?rest_route=\/wp\/v2\/product"}],"about":[{"href":"https:\/\/mabuko.co.mz\/site\/index.php?rest_route=\/wp\/v2\/types\/product"}],"wp:featuredmedia":[{"embeddable":true,"href":"https:\/\/mabuko.co.mz\/site\/index.php?rest_route=\/wp\/v2\/media\/6039"}],"wp:attachment":[{"href":"https:\/\/mabuko.co.mz\/site\/index.php?rest_route=%2Fwp%2Fv2%2Fmedia&parent=6038"}],"wp:term":[{"taxonomy":"product_cat","embeddable":true,"href":"https:\/\/mabuko.co.mz\/site\/index.php?rest_route=%2Fwp%2Fv2%2Fproduct_cat&post=6038"},{"taxonomy":"product_tag","embeddable":true,"href":"https:\/\/mabuko.co.mz\/site\/index.php?rest_route=%2Fwp%2Fv2%2Fproduct_tag&post=6038"}],"curies":[{"name":"wp","href":"https:\/\/api.w.org\/{rel}","templated":true}]}}