{"id":6036,"date":"2022-08-31T13:08:10","date_gmt":"2022-08-31T13:08:10","guid":{"rendered":"https:\/\/mabuko.co.mz\/?post_type=product&#038;p=6036"},"modified":"2023-01-05T14:13:03","modified_gmt":"2023-01-05T14:13:03","slug":"macroeconomia-4a-edicao","status":"publish","type":"product","link":"https:\/\/mabuko.co.mz\/site\/?product=macroeconomia-4a-edicao","title":{"rendered":"MACROECONOMIA &#8211; 4\u00aa Edi\u00e7\u00e3o"},"content":{"rendered":"<p>\u00c1lvaro Pina<\/p>\n<p>Jacinto Braga<\/p>\n<p>Jorge Santos<\/p>\n<p>Miguel St. Aubyn<\/p>\n<p>9789725925089<\/p>\n","protected":false},"excerpt":{"rendered":"<p><strong>SINOPSE<\/strong><\/p>\n<p>A Macroeconomia \u00e9 uma disciplina indispens\u00e1vel para a compreens\u00e3o da natureza, causas e poss\u00edveis solu\u00e7\u00f5es de quest\u00f5es t\u00e3o importantes como as flutua\u00e7\u00f5es econ\u00f3micas, a evolu\u00e7\u00e3o da d\u00edvida p\u00fablica, o desemprego e a infla\u00e7\u00e3o.<br \/>\nEste livro de Macroeconomia surge agora numa quarta edi\u00e7\u00e3o, revista, ampliada e melhorada, nomeadamente com um novo cap\u00edtulo sobre a moeda, exemplos e ilustra\u00e7\u00f5es baseados na evolu\u00e7\u00e3o recente das economias portuguesa e europeia e novos exerc\u00edcios. As mais de vinte e cinco mil c\u00f3pias vendidas nas edi\u00e7\u00f5es anteriores s\u00e3o um testemunho da ajuda preciosa que este livro presta ao estudante de Macroeconomia.<br \/>\nOs doze cap\u00edtulos desta edi\u00e7\u00e3o cobrem as quest\u00f5es centrais da Macroeconomia a n\u00edvel interm\u00e9dio, mas s\u00e3o tamb\u00e9m acess\u00edveis a quem esteja agora a iniciar o estudo da disciplina.<br \/>\nCada cap\u00edtulo abre com uma exposi\u00e7\u00e3o sucinta e clara da teoria. Seguem-se v\u00e1rios exerc\u00edcios, completa e pormenorizadamente resolvidos. E por fim v\u00eam quest\u00f5es de resposta m\u00faltipla e exerc\u00edcios num\u00e9ricos. As solu\u00e7\u00f5es de todas as quest\u00f5es e exerc\u00edcios n\u00e3o resolvidos est\u00e3o no final do livro. Ao todo s\u00e3o mais de duas centenas de exerc\u00edcios para ajudar o estudante a consolidar os seus conhecimentos.<\/p>\n","protected":false},"featured_media":6037,"template":"","meta":{"_monsterinsights_skip_tracking":false,"_monsterinsights_sitenote_active":false,"_monsterinsights_sitenote_note":"","_monsterinsights_sitenote_category":0},"product_cat":[102],"product_tag":[],"class_list":{"0":"post-6036","1":"product","2":"type-product","3":"status-publish","4":"has-post-thumbnail","6":"product_cat-livros-tecnicos","7":"pa_book-author-alvaro-pina","8":"pa_book-author-jorge-santos","10":"first","11":"outofstock","12":"shipping-taxable","13":"purchasable","14":"product-type-simple"},"_links":{"self":[{"href":"https:\/\/mabuko.co.mz\/site\/index.php?rest_route=\/wp\/v2\/product\/6036","targetHints":{"allow":["GET"]}}],"collection":[{"href":"https:\/\/mabuko.co.mz\/site\/index.php?rest_route=\/wp\/v2\/product"}],"about":[{"href":"https:\/\/mabuko.co.mz\/site\/index.php?rest_route=\/wp\/v2\/types\/product"}],"wp:featuredmedia":[{"embeddable":true,"href":"https:\/\/mabuko.co.mz\/site\/index.php?rest_route=\/wp\/v2\/media\/6037"}],"wp:attachment":[{"href":"https:\/\/mabuko.co.mz\/site\/index.php?rest_route=%2Fwp%2Fv2%2Fmedia&parent=6036"}],"wp:term":[{"taxonomy":"product_cat","embeddable":true,"href":"https:\/\/mabuko.co.mz\/site\/index.php?rest_route=%2Fwp%2Fv2%2Fproduct_cat&post=6036"},{"taxonomy":"product_tag","embeddable":true,"href":"https:\/\/mabuko.co.mz\/site\/index.php?rest_route=%2Fwp%2Fv2%2Fproduct_tag&post=6036"}],"curies":[{"name":"wp","href":"https:\/\/api.w.org\/{rel}","templated":true}]}}