{"id":6027,"date":"2022-08-31T09:11:17","date_gmt":"2022-08-31T09:11:17","guid":{"rendered":"https:\/\/mabuko.co.mz\/?post_type=product&#038;p=6027"},"modified":"2023-01-05T14:16:42","modified_gmt":"2023-01-05T14:16:42","slug":"administracao-tributaria-enfase-nos-conceitos-teoricos-e-boas-praticas","status":"publish","type":"product","link":"https:\/\/mabuko.co.mz\/site\/?product=administracao-tributaria-enfase-nos-conceitos-teoricos-e-boas-praticas","title":{"rendered":"ADMINISTRA\u00c7\u00c3O TRIBUT\u00c1RIA \u00canfase nos conceitos te\u00f3ricos e boas pr\u00e1ticas"},"content":{"rendered":"<p>\u00c2ngelo Ant\u00f3nio Macu\u00e1cua<\/p>\n","protected":false},"excerpt":{"rendered":"<p>\u00c2ngelo Ant\u00f3nio Macu\u00e1cua<\/p>\n","protected":false},"featured_media":6368,"template":"","meta":{"_monsterinsights_skip_tracking":false,"_monsterinsights_sitenote_active":false,"_monsterinsights_sitenote_note":"","_monsterinsights_sitenote_category":0},"product_cat":[102],"product_tag":[],"class_list":{"0":"post-6027","1":"product","2":"type-product","3":"status-publish","4":"has-post-thumbnail","6":"product_cat-livros-tecnicos","7":"pa_book-author-angelo-antonio-macuacua","9":"first","10":"outofstock","11":"shipping-taxable","12":"purchasable","13":"product-type-simple"},"_links":{"self":[{"href":"https:\/\/mabuko.co.mz\/site\/index.php?rest_route=\/wp\/v2\/product\/6027","targetHints":{"allow":["GET"]}}],"collection":[{"href":"https:\/\/mabuko.co.mz\/site\/index.php?rest_route=\/wp\/v2\/product"}],"about":[{"href":"https:\/\/mabuko.co.mz\/site\/index.php?rest_route=\/wp\/v2\/types\/product"}],"wp:featuredmedia":[{"embeddable":true,"href":"https:\/\/mabuko.co.mz\/site\/index.php?rest_route=\/wp\/v2\/media\/6368"}],"wp:attachment":[{"href":"https:\/\/mabuko.co.mz\/site\/index.php?rest_route=%2Fwp%2Fv2%2Fmedia&parent=6027"}],"wp:term":[{"taxonomy":"product_cat","embeddable":true,"href":"https:\/\/mabuko.co.mz\/site\/index.php?rest_route=%2Fwp%2Fv2%2Fproduct_cat&post=6027"},{"taxonomy":"product_tag","embeddable":true,"href":"https:\/\/mabuko.co.mz\/site\/index.php?rest_route=%2Fwp%2Fv2%2Fproduct_tag&post=6027"}],"curies":[{"name":"wp","href":"https:\/\/api.w.org\/{rel}","templated":true}]}}