{"id":5969,"date":"2022-08-23T12:16:50","date_gmt":"2022-08-23T12:16:50","guid":{"rendered":"https:\/\/mabuko.co.mz\/?post_type=product&#038;p=5969"},"modified":"2023-01-05T14:22:15","modified_gmt":"2023-01-05T14:22:15","slug":"eficacia-na-gestao-planeamento-e-accao","status":"publish","type":"product","link":"https:\/\/mabuko.co.mz\/site\/?product=eficacia-na-gestao-planeamento-e-accao","title":{"rendered":"EFIC\u00c1CIA NA GEST\u00c3O PLANEAMENTO E AC\u00c7\u00c3O"},"content":{"rendered":"<p>Bill Reddin<\/p>\n<p>9789725612583<\/p>\n","protected":false},"excerpt":{"rendered":"<p><strong>SINOPSE<\/strong><!--more--><\/p>\n<p>Julga-se um bom gestor?<\/p>\n<p>J\u00e1 alguma vez se preocupou em examinar o seu estilo de gest\u00e3o?<\/p>\n<p>A EFIC\u00c1CIA NA GEST\u00c3O come\u00e7a com uma prova que nos permite diagnosticar e avaliar o estilo.<\/p>\n<p>Ajuda-nos depois a compreender correctamente o que \u00e9 a efic\u00e1cia.<\/p>\n<p>Afinidade deste livro \u00e9 ajudar a provocar uma mudan\u00e7a em n\u00f3s pr\u00f3prios e a ajudar os outros a melhorar a sua efic\u00e1cia.<\/p>\n<p>Este livro escrutina os oito estilos de gest\u00e3o, as capacidades b\u00e1sicas para a gest\u00e3o e o modo como se pode aumentar a efic\u00e1cia.<\/p>\n<p>Em suma: ajuda a diagnosticar e orientar a avalia\u00e7\u00e3o das nossas capacidades e do nosso estilo de gest\u00e3o.<\/p>\n","protected":false},"featured_media":6002,"template":"","meta":{"_monsterinsights_skip_tracking":false,"_monsterinsights_sitenote_active":false,"_monsterinsights_sitenote_note":"","_monsterinsights_sitenote_category":0},"product_cat":[102],"product_tag":[],"class_list":{"0":"post-5969","1":"product","2":"type-product","3":"status-publish","4":"has-post-thumbnail","6":"product_cat-livros-tecnicos","7":"pa_book-author-bill-reddin","9":"first","10":"outofstock","11":"shipping-taxable","12":"purchasable","13":"product-type-simple"},"_links":{"self":[{"href":"https:\/\/mabuko.co.mz\/site\/index.php?rest_route=\/wp\/v2\/product\/5969","targetHints":{"allow":["GET"]}}],"collection":[{"href":"https:\/\/mabuko.co.mz\/site\/index.php?rest_route=\/wp\/v2\/product"}],"about":[{"href":"https:\/\/mabuko.co.mz\/site\/index.php?rest_route=\/wp\/v2\/types\/product"}],"wp:featuredmedia":[{"embeddable":true,"href":"https:\/\/mabuko.co.mz\/site\/index.php?rest_route=\/wp\/v2\/media\/6002"}],"wp:attachment":[{"href":"https:\/\/mabuko.co.mz\/site\/index.php?rest_route=%2Fwp%2Fv2%2Fmedia&parent=5969"}],"wp:term":[{"taxonomy":"product_cat","embeddable":true,"href":"https:\/\/mabuko.co.mz\/site\/index.php?rest_route=%2Fwp%2Fv2%2Fproduct_cat&post=5969"},{"taxonomy":"product_tag","embeddable":true,"href":"https:\/\/mabuko.co.mz\/site\/index.php?rest_route=%2Fwp%2Fv2%2Fproduct_tag&post=5969"}],"curies":[{"name":"wp","href":"https:\/\/api.w.org\/{rel}","templated":true}]}}