{"id":5883,"date":"2022-08-17T14:39:29","date_gmt":"2022-08-17T14:39:29","guid":{"rendered":"https:\/\/mabuko.co.mz\/?post_type=product&#038;p=5883"},"modified":"2023-01-05T13:55:46","modified_gmt":"2023-01-05T13:55:46","slug":"como-fazer-propostas-de-investigacao-monografias-dissertacoes-e-teses","status":"publish","type":"product","link":"https:\/\/mabuko.co.mz\/site\/?product=como-fazer-propostas-de-investigacao-monografias-dissertacoes-e-teses","title":{"rendered":"COMO FAZER PROPOSTAS DE INVESTIGA\u00c7\u00c3O, MONOGRAFIAS, DISSERTA\u00c7\u00d5ES E TESES"},"content":{"rendered":"<p>Jo\u00e3o Ruas<\/p>\n<p>9789896701536<\/p>\n","protected":false},"excerpt":{"rendered":"<p><strong>SINOPSE<\/strong><\/p>\n<p>O Manual de Metodologias de investiga\u00e7\u00e3o tem como objectivo proporcionar aos estudantes e todos aqueles que pretendam conduzir trabalhos de investiga\u00e7\u00e3o, os conceitos, o conhecimento e os passos a serem seguidos, para saberem como fazer uma proposta de investiga\u00e7\u00e3o, uma monografia, uma disserta\u00e7\u00e3o ou uma tese. Os conceitos e o conhecimento s\u00e3o apresentados numa sequ\u00eancia l\u00f3gica e estruturada, seguindo um eficiente \u201croad map\u201d que facilitar\u00e1 o estudante\/investigador na identifica\u00e7\u00e3o de um t\u00f3pico adequado para investiga\u00e7\u00e3o, na formula\u00e7\u00e3o do problema e da pergunta a investigar, na formula\u00e7\u00e3o de hip\u00f3teses de trabalho, na selec\u00e7\u00e3o das metodologias de investiga\u00e7\u00e3o adequadas para o t\u00f3pico escolhido para investiga\u00e7\u00e3o dos m\u00e9todos a serem utilizados no processo de colecta, an\u00e1lise e valida\u00e7\u00e3o de dados e informa\u00e7\u00e3o. O Manual apresenta tamb\u00e9m uma sugest\u00e3o de formato para as propostas de investiga\u00e7\u00e3o, monografias, disserta,coes, teses e relat\u00f3rios de est\u00e1gio<\/p>\n","protected":false},"featured_media":5884,"template":"","meta":{"_monsterinsights_skip_tracking":false,"_monsterinsights_sitenote_active":false,"_monsterinsights_sitenote_note":"","_monsterinsights_sitenote_category":0},"product_cat":[102],"product_tag":[],"class_list":{"0":"post-5883","1":"product","2":"type-product","3":"status-publish","4":"has-post-thumbnail","6":"product_cat-livros-tecnicos","7":"pa_book-author-joao-ruas","9":"first","10":"outofstock","11":"shipping-taxable","12":"purchasable","13":"product-type-simple"},"_links":{"self":[{"href":"https:\/\/mabuko.co.mz\/site\/index.php?rest_route=\/wp\/v2\/product\/5883","targetHints":{"allow":["GET"]}}],"collection":[{"href":"https:\/\/mabuko.co.mz\/site\/index.php?rest_route=\/wp\/v2\/product"}],"about":[{"href":"https:\/\/mabuko.co.mz\/site\/index.php?rest_route=\/wp\/v2\/types\/product"}],"wp:featuredmedia":[{"embeddable":true,"href":"https:\/\/mabuko.co.mz\/site\/index.php?rest_route=\/wp\/v2\/media\/5884"}],"wp:attachment":[{"href":"https:\/\/mabuko.co.mz\/site\/index.php?rest_route=%2Fwp%2Fv2%2Fmedia&parent=5883"}],"wp:term":[{"taxonomy":"product_cat","embeddable":true,"href":"https:\/\/mabuko.co.mz\/site\/index.php?rest_route=%2Fwp%2Fv2%2Fproduct_cat&post=5883"},{"taxonomy":"product_tag","embeddable":true,"href":"https:\/\/mabuko.co.mz\/site\/index.php?rest_route=%2Fwp%2Fv2%2Fproduct_tag&post=5883"}],"curies":[{"name":"wp","href":"https:\/\/api.w.org\/{rel}","templated":true}]}}