{"id":5627,"date":"2022-08-02T07:47:55","date_gmt":"2022-08-02T07:47:55","guid":{"rendered":"https:\/\/mabuko.co.mz\/?post_type=product&#038;p=5627"},"modified":"2023-01-05T13:13:10","modified_gmt":"2023-01-05T13:13:10","slug":"o-manual-das-maos","status":"publish","type":"product","link":"https:\/\/mabuko.co.mz\/site\/?product=o-manual-das-maos","title":{"rendered":"O MANUAL DAS M\u00c3OS"},"content":{"rendered":"<p>Eduardo White<\/p>\n<p>9789928700179<\/p>\n","protected":false},"excerpt":{"rendered":"<p><strong>SINOPSE<\/strong><\/p>\n<p>A poesia de White \u00e9 tamb\u00e9m um espa\u00e7o que exprime as contradi\u00e7\u00f5es da condi\u00e7\u00e3o de ser poeta, n\u00e3o se encaixando o sujeito desta escrita num ser humano que vive a rotina de ter um emprego vulgar, uma exist\u00eancia sem poesia. No entanto, o amor parece ser\u00a0 meio de cria\u00e7\u00e3o da poesia e da beleza, que permitem lutar contra o horror do quotidiano, reconciliando o poeta com o homem e com o seu pa\u00eds.<\/p>\n","protected":false},"featured_media":5628,"template":"","meta":{"_monsterinsights_skip_tracking":false,"_monsterinsights_sitenote_active":false,"_monsterinsights_sitenote_note":"","_monsterinsights_sitenote_category":0},"product_cat":[170],"product_tag":[],"class_list":{"0":"post-5627","1":"product","2":"type-product","3":"status-publish","4":"has-post-thumbnail","6":"product_cat-poesia","7":"pa_book-author-eduardo-white","9":"first","10":"outofstock","11":"shipping-taxable","12":"purchasable","13":"product-type-simple"},"_links":{"self":[{"href":"https:\/\/mabuko.co.mz\/site\/index.php?rest_route=\/wp\/v2\/product\/5627","targetHints":{"allow":["GET"]}}],"collection":[{"href":"https:\/\/mabuko.co.mz\/site\/index.php?rest_route=\/wp\/v2\/product"}],"about":[{"href":"https:\/\/mabuko.co.mz\/site\/index.php?rest_route=\/wp\/v2\/types\/product"}],"wp:featuredmedia":[{"embeddable":true,"href":"https:\/\/mabuko.co.mz\/site\/index.php?rest_route=\/wp\/v2\/media\/5628"}],"wp:attachment":[{"href":"https:\/\/mabuko.co.mz\/site\/index.php?rest_route=%2Fwp%2Fv2%2Fmedia&parent=5627"}],"wp:term":[{"taxonomy":"product_cat","embeddable":true,"href":"https:\/\/mabuko.co.mz\/site\/index.php?rest_route=%2Fwp%2Fv2%2Fproduct_cat&post=5627"},{"taxonomy":"product_tag","embeddable":true,"href":"https:\/\/mabuko.co.mz\/site\/index.php?rest_route=%2Fwp%2Fv2%2Fproduct_tag&post=5627"}],"curies":[{"name":"wp","href":"https:\/\/api.w.org\/{rel}","templated":true}]}}