{"id":5623,"date":"2022-08-02T06:57:53","date_gmt":"2022-08-02T06:57:53","guid":{"rendered":"https:\/\/mabuko.co.mz\/?post_type=product&#038;p=5623"},"modified":"2023-01-05T13:15:43","modified_gmt":"2023-01-05T13:15:43","slug":"a-nepad-na-integracao-economica-africana-filosofia-ou-instituicao","status":"publish","type":"product","link":"https:\/\/mabuko.co.mz\/site\/?product=a-nepad-na-integracao-economica-africana-filosofia-ou-instituicao","title":{"rendered":"A NEPAD NA INTEGRA\u00c7\u00c3O ECON\u00d3MICA AFRICANA: (FILOSOFIA OU INSTITUI\u00c7\u00c3O?)"},"content":{"rendered":"<p>Jossias Filipe<\/p>\n<p>9789928791344<\/p>\n","protected":false},"excerpt":{"rendered":"<p>Jossias Filipe 9789928791344<\/p>\n","protected":false},"featured_media":5624,"template":"","meta":{"_monsterinsights_skip_tracking":false,"_monsterinsights_sitenote_active":false,"_monsterinsights_sitenote_note":"","_monsterinsights_sitenote_category":0},"product_cat":[102],"product_tag":[],"class_list":{"0":"post-5623","1":"product","2":"type-product","3":"status-publish","4":"has-post-thumbnail","6":"product_cat-livros-tecnicos","7":"pa_book-author-jossias-filipe","9":"first","10":"outofstock","11":"shipping-taxable","12":"purchasable","13":"product-type-simple"},"_links":{"self":[{"href":"https:\/\/mabuko.co.mz\/site\/index.php?rest_route=\/wp\/v2\/product\/5623","targetHints":{"allow":["GET"]}}],"collection":[{"href":"https:\/\/mabuko.co.mz\/site\/index.php?rest_route=\/wp\/v2\/product"}],"about":[{"href":"https:\/\/mabuko.co.mz\/site\/index.php?rest_route=\/wp\/v2\/types\/product"}],"wp:featuredmedia":[{"embeddable":true,"href":"https:\/\/mabuko.co.mz\/site\/index.php?rest_route=\/wp\/v2\/media\/5624"}],"wp:attachment":[{"href":"https:\/\/mabuko.co.mz\/site\/index.php?rest_route=%2Fwp%2Fv2%2Fmedia&parent=5623"}],"wp:term":[{"taxonomy":"product_cat","embeddable":true,"href":"https:\/\/mabuko.co.mz\/site\/index.php?rest_route=%2Fwp%2Fv2%2Fproduct_cat&post=5623"},{"taxonomy":"product_tag","embeddable":true,"href":"https:\/\/mabuko.co.mz\/site\/index.php?rest_route=%2Fwp%2Fv2%2Fproduct_tag&post=5623"}],"curies":[{"name":"wp","href":"https:\/\/api.w.org\/{rel}","templated":true}]}}