{"id":5607,"date":"2022-08-01T12:15:50","date_gmt":"2022-08-01T12:15:50","guid":{"rendered":"https:\/\/mabuko.co.mz\/?post_type=product&#038;p=5607"},"modified":"2023-01-05T12:27:20","modified_gmt":"2023-01-05T12:27:20","slug":"o-voo-das-fagulhas","status":"publish","type":"product","link":"https:\/\/mabuko.co.mz\/site\/?product=o-voo-das-fagulhas","title":{"rendered":"O VOO DAS FAGULHAS"},"content":{"rendered":"<p>Adelino Tim\u00f3teo<\/p>\n<p>9789928793799<\/p>\n","protected":false},"excerpt":{"rendered":"<p><strong>SINOPSE<\/strong><\/p>\n<p>Como escritor, felizmente, eu tenho duas costelas, uma mais universalizante outra africana, mo\u00e7ambicana. Por causa da minha educa\u00e7\u00e3o. Nasci num pais mesti\u00e7o. O meio era um pequeno bairro. Onde o respeito pelo outro, a conviv\u00eancia, a aproxima\u00e7\u00e3o, me deram as balizas que me permitem estar bem comigo mesmo, no sentido de quem sou eu, donde tenho e para onde vou. Eu me vejo mesti\u00e7o. A mesti\u00e7agem a que me refiro n\u00e3o tem sustent\u00e1culo na cor. A minha matriz \u00e9 bantu, fascinado pela Ilha de Mo\u00e7ambique, desde logo ponto da miton\u00edmia em rela\u00e7\u00e3o a esta na\u00e7\u00e3o crioula. A prov\u00edncia da Zamb\u00e9zia, o vale do Rio Zambeze, tem os condimentos de uma riqueza crioula, mesti\u00e7a, um ba\u00fa, um manancial, n\u00e3o sendo apenas uma riqueza, \u00e9 um grande fil\u00e3o para oferecer ao mundo. A minha escrita, naturalmente, n\u00e3o \u00e9 isenta deste mosaico lindo. N\u00e3o \u00e9 isenta deste imagin\u00e1rio onde se cruzam portugueses, goeses, \u00edndios, galegos, \u00e1rabes, fen\u00edcios, brasileiros e bantus. \u201ce isso que augurei oferecer \u00e0queles que gostam de ler-me: um cruzamento de povos e religi\u00f5es . do antigo colonizador herdei a l\u00edngua uma ferramenta, um instrumento\/arma de arremesso, n\u00e3o para se prostrar ante a ningu\u00e9m, mas sobretudo para me libertar de todos os pr\u00f3speros, que ainda h\u00e1 por diante e \u00e0 volta. Portugu\u00eas \u00e9 a minha l\u00edngua materna. Dai esta obra, uma jun\u00e7\u00e3o de poesia er\u00f3tica com uma din\u00e2mica e entendimento muito forte.<\/p>\n","protected":false},"featured_media":5608,"template":"","meta":{"_monsterinsights_skip_tracking":false,"_monsterinsights_sitenote_active":false,"_monsterinsights_sitenote_note":"","_monsterinsights_sitenote_category":0},"product_cat":[170],"product_tag":[],"class_list":{"0":"post-5607","1":"product","2":"type-product","3":"status-publish","4":"has-post-thumbnail","6":"product_cat-poesia","7":"pa_book-author-adelino-timoteo","9":"first","10":"instock","11":"shipping-taxable","12":"purchasable","13":"product-type-simple"},"_links":{"self":[{"href":"https:\/\/mabuko.co.mz\/site\/index.php?rest_route=\/wp\/v2\/product\/5607","targetHints":{"allow":["GET"]}}],"collection":[{"href":"https:\/\/mabuko.co.mz\/site\/index.php?rest_route=\/wp\/v2\/product"}],"about":[{"href":"https:\/\/mabuko.co.mz\/site\/index.php?rest_route=\/wp\/v2\/types\/product"}],"wp:featuredmedia":[{"embeddable":true,"href":"https:\/\/mabuko.co.mz\/site\/index.php?rest_route=\/wp\/v2\/media\/5608"}],"wp:attachment":[{"href":"https:\/\/mabuko.co.mz\/site\/index.php?rest_route=%2Fwp%2Fv2%2Fmedia&parent=5607"}],"wp:term":[{"taxonomy":"product_cat","embeddable":true,"href":"https:\/\/mabuko.co.mz\/site\/index.php?rest_route=%2Fwp%2Fv2%2Fproduct_cat&post=5607"},{"taxonomy":"product_tag","embeddable":true,"href":"https:\/\/mabuko.co.mz\/site\/index.php?rest_route=%2Fwp%2Fv2%2Fproduct_tag&post=5607"}],"curies":[{"name":"wp","href":"https:\/\/api.w.org\/{rel}","templated":true}]}}