{"id":5605,"date":"2022-08-01T10:20:40","date_gmt":"2022-08-01T10:20:40","guid":{"rendered":"https:\/\/mabuko.co.mz\/?post_type=product&#038;p=5605"},"modified":"2023-01-05T12:28:11","modified_gmt":"2023-01-05T12:28:11","slug":"antropologia-espiritual-ha-mais-vida-para-alem-desta-vida","status":"publish","type":"product","link":"https:\/\/mabuko.co.mz\/site\/?product=antropologia-espiritual-ha-mais-vida-para-alem-desta-vida","title":{"rendered":"ANTROPOLOGIA ESPIRITUAL H\u00c1 MAIS VIDA PARA AL\u00c9M DESTA VIDA"},"content":{"rendered":"<p>Calane da Silva<\/p>\n<p>9789928792396<\/p>\n","protected":false},"excerpt":{"rendered":"<p><strong>SINOPSE<\/strong><\/p>\n<p>Falar da vida para al\u00e9m da vida corporal,falar desta possibilidade maravilhosa de sabermos que a vida n\u00e3o acaba com a morte do nosso corpo, que somos seres espirituais que habitamos uma casa biol\u00f3gica plena de energia, n\u00e3o \u00e9 novo nem novidade para muita gente aqui em Mo\u00e7ambique e, obviamente, no mundo. As interpreta\u00e7\u00f5es\u00a0e conhecimentos sobre essa realidade \u00e9 que diferem.<\/p>\n<p>Esta obra aborda varias quest\u00f5es relacionadas com aquilo que o autor considera e designa ser uma Antropologia Espiritual. Efectivamente, sendo o Homem um ser dual, corpo e esp\u00edrito\/alma, a antropologia tem deixado de lado o estudo e investiga\u00e7\u00e3o sobre o(s) esp\u00edrito(s) que somos, facto de uma import\u00e2ncia inquestion\u00e1vel para se ter uma ideia mais consent\u00e2nea, completa e verdadeira sobre a realidade do Ser Humano.<\/p>\n","protected":false},"featured_media":5606,"template":"","meta":{"_monsterinsights_skip_tracking":false,"_monsterinsights_sitenote_active":false,"_monsterinsights_sitenote_note":"","_monsterinsights_sitenote_category":0},"product_cat":[319],"product_tag":[],"class_list":{"0":"post-5605","1":"product","2":"type-product","3":"status-publish","4":"has-post-thumbnail","6":"product_cat-literatura-mocambicana","7":"pa_book-author-calane-da-silva","9":"first","10":"instock","11":"shipping-taxable","12":"purchasable","13":"product-type-simple"},"_links":{"self":[{"href":"https:\/\/mabuko.co.mz\/site\/index.php?rest_route=\/wp\/v2\/product\/5605","targetHints":{"allow":["GET"]}}],"collection":[{"href":"https:\/\/mabuko.co.mz\/site\/index.php?rest_route=\/wp\/v2\/product"}],"about":[{"href":"https:\/\/mabuko.co.mz\/site\/index.php?rest_route=\/wp\/v2\/types\/product"}],"wp:featuredmedia":[{"embeddable":true,"href":"https:\/\/mabuko.co.mz\/site\/index.php?rest_route=\/wp\/v2\/media\/5606"}],"wp:attachment":[{"href":"https:\/\/mabuko.co.mz\/site\/index.php?rest_route=%2Fwp%2Fv2%2Fmedia&parent=5605"}],"wp:term":[{"taxonomy":"product_cat","embeddable":true,"href":"https:\/\/mabuko.co.mz\/site\/index.php?rest_route=%2Fwp%2Fv2%2Fproduct_cat&post=5605"},{"taxonomy":"product_tag","embeddable":true,"href":"https:\/\/mabuko.co.mz\/site\/index.php?rest_route=%2Fwp%2Fv2%2Fproduct_tag&post=5605"}],"curies":[{"name":"wp","href":"https:\/\/api.w.org\/{rel}","templated":true}]}}