{"id":5505,"date":"2022-07-25T08:42:39","date_gmt":"2022-07-25T08:42:39","guid":{"rendered":"https:\/\/mabuko.co.mz\/?post_type=product&#038;p=5505"},"modified":"2022-12-30T13:10:04","modified_gmt":"2022-12-30T13:10:04","slug":"da-udenamo-a-frelimo-e-a-diplomacia-mocambicana","status":"publish","type":"product","link":"https:\/\/mabuko.co.mz\/site\/?product=da-udenamo-a-frelimo-e-a-diplomacia-mocambicana","title":{"rendered":"DA UDENAMO \u00c0 FRELIMO e \u00e0 diplomacia mo\u00e7ambicana"},"content":{"rendered":"<p>Lopes Tembe Ndelana<\/p>\n<p>9789899746398<\/p>\n","protected":false},"excerpt":{"rendered":"<p>O rigor hist\u00f3rico dos factos narrados sobre as v\u00e1rias etapas da luta\u00a0 desde as tarefas\u00a0 organizativas em Dar-es-Salaam, passando pelos centros educacionais e de treino militar na Tanz\u00e2nia, com particular realce para Kongwa e Nachingwea, as ac\u00e7\u00f5es de abastecimento e infiltra\u00e7\u00e3o de armamento e outros meios de luta, a mobiliza\u00e7\u00e3o da popula\u00e7\u00e3o para o seu engajamento na educa\u00e7\u00e3o e na produ\u00e7\u00e3o, bem como o combate directo do inimigo, constituem um conjunto fascinante duma mem\u00f3ria colectiva que consubstancia o papel dos combatentes pela liberdade, justi\u00e7a e desenvolvimento de Mo\u00e7ambique.<\/p>\n<p>Os depoimentos que se juntam no livro s\u00e3o testemunho da partilha de um processo de luta, amizade e camaradagem cultivados ao longo dos v\u00e1rios anos de combate libertador. A luta de liberta\u00e7\u00e3o de Mo\u00e7ambique fez-se em varias frentes politica, militar e diplom\u00e1tica. Lopes Tembe, atrav\u00e9s da sua traject\u00f3ria, faz-nos recordar essa experi\u00eancia multifacetada, em que a solidariedade regional e internacional teve um papel inolvid\u00e1vel.<\/p>\n","protected":false},"featured_media":5506,"template":"","meta":{"_monsterinsights_skip_tracking":false,"_monsterinsights_sitenote_active":false,"_monsterinsights_sitenote_note":"","_monsterinsights_sitenote_category":0},"product_cat":[173],"product_tag":[],"class_list":{"0":"post-5505","1":"product","2":"type-product","3":"status-publish","4":"has-post-thumbnail","6":"product_cat-biografias","7":"pa_book-author-lopes-tembe-ndelana","9":"first","10":"outofstock","11":"shipping-taxable","12":"purchasable","13":"product-type-simple"},"_links":{"self":[{"href":"https:\/\/mabuko.co.mz\/site\/index.php?rest_route=\/wp\/v2\/product\/5505","targetHints":{"allow":["GET"]}}],"collection":[{"href":"https:\/\/mabuko.co.mz\/site\/index.php?rest_route=\/wp\/v2\/product"}],"about":[{"href":"https:\/\/mabuko.co.mz\/site\/index.php?rest_route=\/wp\/v2\/types\/product"}],"wp:featuredmedia":[{"embeddable":true,"href":"https:\/\/mabuko.co.mz\/site\/index.php?rest_route=\/wp\/v2\/media\/5506"}],"wp:attachment":[{"href":"https:\/\/mabuko.co.mz\/site\/index.php?rest_route=%2Fwp%2Fv2%2Fmedia&parent=5505"}],"wp:term":[{"taxonomy":"product_cat","embeddable":true,"href":"https:\/\/mabuko.co.mz\/site\/index.php?rest_route=%2Fwp%2Fv2%2Fproduct_cat&post=5505"},{"taxonomy":"product_tag","embeddable":true,"href":"https:\/\/mabuko.co.mz\/site\/index.php?rest_route=%2Fwp%2Fv2%2Fproduct_tag&post=5505"}],"curies":[{"name":"wp","href":"https:\/\/api.w.org\/{rel}","templated":true}]}}