{"id":5503,"date":"2022-07-25T08:03:20","date_gmt":"2022-07-25T08:03:20","guid":{"rendered":"https:\/\/mabuko.co.mz\/?post_type=product&#038;p=5503"},"modified":"2023-06-08T11:50:37","modified_gmt":"2023-06-08T11:50:37","slug":"participei-por-isso-testemunho","status":"publish","type":"product","link":"https:\/\/mabuko.co.mz\/site\/?product=participei-por-isso-testemunho","title":{"rendered":"PARTICIPEI, POR ISSO TESTEMUNHO"},"content":{"rendered":"<p>S\u00e9rgio Vieira<\/p>\n<p>9789024796380<\/p>\n","protected":false},"excerpt":{"rendered":"<p><strong>SINOPSE<\/strong><\/p>\n<p>Neste livro S\u00e9rgio Vieira fala-nos das suas origens e da sua inf\u00e2ncia e adolesc\u00eancia em Tete. Fala-nos da crise de consci\u00eancia que o levou abandonar o catolicismo e da sua subsequente milit\u00e2ncia no movimento estudantil e na Casa dos Estudantes do Imp\u00e9rio. Aborda tamb\u00e9m o \u00eaxodo dos estudantes &#8220;ultramarinos&#8221; de 1961-1963, e a participa\u00e7\u00e3o em Paris e no Norte de \u00c1frica na luta anticolonial. Acompanhamos ainda a sua &#8220;descida&#8221; para Dar-es-Salaam, com a obrigat\u00f3ria escala em Argel, e a entrada no movimento de liberta\u00e7\u00e3o, bem como a sua colabora\u00e7\u00e3o estreita com Eduardo Mondlane e Samora Machel.<\/p>\n<blockquote><p>S\u00e3o \u00a0informativos os cap\u00edtulos dedicados \u00e0s rela\u00e7\u00f5es entre os movimentos filiado na antiga CONCP (Conferencia das Organiza\u00e7\u00f5es Nacionalistas das Col\u00f3nias Portuguesas) e a fase das negocia\u00e7\u00f5es que conduziram \u00e0 assinatura dos Acordos de Lusaka. Chegada a Independ\u00eancia, \u00e9 o exerc\u00edcio dos pa\u00edses da Linha da Frente, o dossier Zimb\u00e1bue\u00a0 e a guerra de desestabiliza\u00e7\u00e3o.<\/p><\/blockquote>\n<p>A op\u00e7\u00e3o socialista da Republica popular de Mo\u00e7ambique e as rela\u00e7\u00f5es com os pa\u00edses do antigo Bloco de Leste s\u00e3o , tamb\u00e9m, \u00e1reas onde S\u00e9rgio Vieira se demora. Not\u00e1vel e refrescante \u00e9\u00a0 a capacidade que estas p\u00e1ginas possuem de fazer reviver o drama, o sofrimento, a entrega, a solidariedade \u00e0 volta do ideal da liberta\u00e7\u00e3o da p\u00e1tria e a exalta\u00e7\u00e3o dos momentos altos da luta. Reviver ou, mais importante, descobrir e compreender.<\/p>\n","protected":false},"featured_media":5504,"template":"","meta":{"_monsterinsights_skip_tracking":false,"_monsterinsights_sitenote_active":false,"_monsterinsights_sitenote_note":"","_monsterinsights_sitenote_category":0},"product_cat":[173],"product_tag":[],"class_list":{"0":"post-5503","1":"product","2":"type-product","3":"status-publish","4":"has-post-thumbnail","6":"product_cat-biografias","7":"pa_book-author-sergio-vieira","9":"first","10":"outofstock","11":"shipping-taxable","12":"purchasable","13":"product-type-simple"},"_links":{"self":[{"href":"https:\/\/mabuko.co.mz\/site\/index.php?rest_route=\/wp\/v2\/product\/5503","targetHints":{"allow":["GET"]}}],"collection":[{"href":"https:\/\/mabuko.co.mz\/site\/index.php?rest_route=\/wp\/v2\/product"}],"about":[{"href":"https:\/\/mabuko.co.mz\/site\/index.php?rest_route=\/wp\/v2\/types\/product"}],"wp:featuredmedia":[{"embeddable":true,"href":"https:\/\/mabuko.co.mz\/site\/index.php?rest_route=\/wp\/v2\/media\/5504"}],"wp:attachment":[{"href":"https:\/\/mabuko.co.mz\/site\/index.php?rest_route=%2Fwp%2Fv2%2Fmedia&parent=5503"}],"wp:term":[{"taxonomy":"product_cat","embeddable":true,"href":"https:\/\/mabuko.co.mz\/site\/index.php?rest_route=%2Fwp%2Fv2%2Fproduct_cat&post=5503"},{"taxonomy":"product_tag","embeddable":true,"href":"https:\/\/mabuko.co.mz\/site\/index.php?rest_route=%2Fwp%2Fv2%2Fproduct_tag&post=5503"}],"curies":[{"name":"wp","href":"https:\/\/api.w.org\/{rel}","templated":true}]}}