{"id":5492,"date":"2022-07-22T14:10:59","date_gmt":"2022-07-22T14:10:59","guid":{"rendered":"https:\/\/mabuko.co.mz\/?post_type=product&#038;p=5492"},"modified":"2022-12-30T13:15:14","modified_gmt":"2022-12-30T13:15:14","slug":"memorias-em-voo-rasante-em-voo-rasante","status":"publish","type":"product","link":"https:\/\/mabuko.co.mz\/site\/?product=memorias-em-voo-rasante-em-voo-rasante","title":{"rendered":"MEM\u00d3RIAS EM VOO RASANTE EM VOO RASANTE"},"content":{"rendered":"<p>Jacinto Veloso<\/p>\n<p>&nbsp;<\/p>\n","protected":false},"excerpt":{"rendered":"<p><strong>SINOPSE<\/strong><\/p>\n<p>Jacinto Veloso faz um relato muito interessante e cativante da sua vida ao servi\u00e7o de Mo\u00e7ambique. Um legado hist\u00f3rico a Mo\u00e7ambique a n\u00e3o perder por quem se interessa pela regi\u00e3o e sua hist\u00f3ria.<\/p>\n","protected":false},"featured_media":5493,"template":"","meta":{"_monsterinsights_skip_tracking":false,"_monsterinsights_sitenote_active":false,"_monsterinsights_sitenote_note":"","_monsterinsights_sitenote_category":0},"product_cat":[136],"product_tag":[],"class_list":{"0":"post-5492","1":"product","2":"type-product","3":"status-publish","4":"has-post-thumbnail","6":"product_cat-memorias-e-testemunhos","7":"pa_book-author-jacinto-veloso","9":"first","10":"outofstock","11":"shipping-taxable","12":"purchasable","13":"product-type-simple"},"_links":{"self":[{"href":"https:\/\/mabuko.co.mz\/site\/index.php?rest_route=\/wp\/v2\/product\/5492","targetHints":{"allow":["GET"]}}],"collection":[{"href":"https:\/\/mabuko.co.mz\/site\/index.php?rest_route=\/wp\/v2\/product"}],"about":[{"href":"https:\/\/mabuko.co.mz\/site\/index.php?rest_route=\/wp\/v2\/types\/product"}],"wp:featuredmedia":[{"embeddable":true,"href":"https:\/\/mabuko.co.mz\/site\/index.php?rest_route=\/wp\/v2\/media\/5493"}],"wp:attachment":[{"href":"https:\/\/mabuko.co.mz\/site\/index.php?rest_route=%2Fwp%2Fv2%2Fmedia&parent=5492"}],"wp:term":[{"taxonomy":"product_cat","embeddable":true,"href":"https:\/\/mabuko.co.mz\/site\/index.php?rest_route=%2Fwp%2Fv2%2Fproduct_cat&post=5492"},{"taxonomy":"product_tag","embeddable":true,"href":"https:\/\/mabuko.co.mz\/site\/index.php?rest_route=%2Fwp%2Fv2%2Fproduct_tag&post=5492"}],"curies":[{"name":"wp","href":"https:\/\/api.w.org\/{rel}","templated":true}]}}