{"id":5447,"date":"2022-08-24T12:19:16","date_gmt":"2022-08-24T12:19:16","guid":{"rendered":"https:\/\/mabuko.co.mz\/?post_type=product&#038;p=5447"},"modified":"2023-05-19T12:12:01","modified_gmt":"2023-05-19T12:12:01","slug":"arca-de-nao-e","status":"publish","type":"product","link":"https:\/\/mabuko.co.mz\/site\/?product=arca-de-nao-e","title":{"rendered":"ARCA DE N\u00c3O \u00c9"},"content":{"rendered":"<p>Bento Baloi<\/p>\n<p>&nbsp;<\/p>\n","protected":false},"excerpt":{"rendered":"<p><strong>SINOPSE<\/strong><\/p>\n<p>A segunda obra de Bento Baloi \u00e9 constitu\u00edda por 15 hist\u00f3rias, atravessadas por uma realidade arroz, cheia de desespero. Concorre para o efeito uma escrita intrigante, veros\u00edmil e absolutamente acutilante. Logo, desde o primeiro texto, \u201cJail house\u201d, at\u00e9 ao \u00faltimo, \u201cA Arca de n\u00e3o \u00e9\u201d, Baloi d\u00e1-nos a magnitude das desgra\u00e7as causadas pelo ciclone Idai, no Centro do pais, em Mar\u00e7o de 2019. Partindo de um fen\u00f3meno natural, o escritor recria universos dieg\u00e9ticos tr\u00e1gicos, por\u00e9m importantes na preserva\u00e7\u00e3o da mem\u00f3ria colectiva. H\u00e1 aqui um trabalho sobre a dor a fazer da escrita um meio de banalizar a exist\u00eancia, por ser qualquer coisa fugaz.<\/p>\n","protected":false},"featured_media":5980,"template":"","meta":{"_monsterinsights_skip_tracking":false,"_monsterinsights_sitenote_active":false,"_monsterinsights_sitenote_note":"","_monsterinsights_sitenote_category":0},"product_cat":[319],"product_tag":[],"class_list":{"0":"post-5447","1":"product","2":"type-product","3":"status-publish","4":"has-post-thumbnail","6":"product_cat-literatura-mocambicana","7":"pa_book-author-bento-baloi","9":"first","10":"outofstock","11":"shipping-taxable","12":"purchasable","13":"product-type-simple"},"_links":{"self":[{"href":"https:\/\/mabuko.co.mz\/site\/index.php?rest_route=\/wp\/v2\/product\/5447","targetHints":{"allow":["GET"]}}],"collection":[{"href":"https:\/\/mabuko.co.mz\/site\/index.php?rest_route=\/wp\/v2\/product"}],"about":[{"href":"https:\/\/mabuko.co.mz\/site\/index.php?rest_route=\/wp\/v2\/types\/product"}],"wp:featuredmedia":[{"embeddable":true,"href":"https:\/\/mabuko.co.mz\/site\/index.php?rest_route=\/wp\/v2\/media\/5980"}],"wp:attachment":[{"href":"https:\/\/mabuko.co.mz\/site\/index.php?rest_route=%2Fwp%2Fv2%2Fmedia&parent=5447"}],"wp:term":[{"taxonomy":"product_cat","embeddable":true,"href":"https:\/\/mabuko.co.mz\/site\/index.php?rest_route=%2Fwp%2Fv2%2Fproduct_cat&post=5447"},{"taxonomy":"product_tag","embeddable":true,"href":"https:\/\/mabuko.co.mz\/site\/index.php?rest_route=%2Fwp%2Fv2%2Fproduct_tag&post=5447"}],"curies":[{"name":"wp","href":"https:\/\/api.w.org\/{rel}","templated":true}]}}