{"id":5432,"date":"2022-07-21T13:14:11","date_gmt":"2022-07-21T13:14:11","guid":{"rendered":"https:\/\/mabuko.co.mz\/?post_type=product&#038;p=5432"},"modified":"2022-12-30T13:39:27","modified_gmt":"2022-12-30T13:39:27","slug":"a-velha-casa-de-madeira-e-zinco","status":"publish","type":"product","link":"https:\/\/mabuko.co.mz\/site\/?product=a-velha-casa-de-madeira-e-zinco","title":{"rendered":"A VELHA CASA DE MADEIRA E ZINCO"},"content":{"rendered":"<p>Lu\u00eds Bernado Honwana<\/p>\n<p>9789928792877<\/p>\n","protected":false},"excerpt":{"rendered":"<p><strong>SINOPSE\u00a0<\/strong><\/p>\n<p>O livro ora editado \u2013 A Velha Casa de Madeira e Zinco -, cont\u00e9m textos de elevado interesse cultural e pol\u00edtico, entre ensaios, cr\u00f3nicas, depoimentos e testemunhos, uns j\u00e1 publicados em livros, jornais e revistas nacionais e estrangeiras, e outros ainda in\u00e9ditos. Os temas abordados s\u00e3o v\u00e1rios, desde os que interessam \u00e0 hist\u00f3ria recente do pa\u00eds ao sempre actual debate da l\u00edngua portuguesa versus l\u00ednguas nacionais, passando pela quest\u00e3o da identidade, pela an\u00e1lise liter\u00e1ria e pela produ\u00e7\u00e3o art\u00edstica em Mo\u00e7ambique, entre outros.<\/p>\n<p>A novidade que o livro traz, diz o autor, \u00e9 fazer os seus escritos funcionarem juntos e \u201cver o que nessa reconfigura\u00e7\u00e3o poder\u00e3o eventualmente trazer, de interessante\u201d e tamb\u00e9m, acrescente-se, de valor liter\u00e1rio, que realmente t\u00eam, al\u00e9m da sua actualidade inquestion\u00e1vel para a compreens\u00e3o da realidade mo\u00e7ambicana.<\/p>\n","protected":false},"featured_media":5434,"template":"","meta":{"_monsterinsights_skip_tracking":false,"_monsterinsights_sitenote_active":false,"_monsterinsights_sitenote_note":"","_monsterinsights_sitenote_category":0},"product_cat":[105],"product_tag":[],"class_list":{"0":"post-5432","1":"product","2":"type-product","3":"status-publish","4":"has-post-thumbnail","6":"product_cat-romance","7":"pa_book-author-luis-bernado-honwana","9":"first","10":"outofstock","11":"shipping-taxable","12":"purchasable","13":"product-type-simple"},"_links":{"self":[{"href":"https:\/\/mabuko.co.mz\/site\/index.php?rest_route=\/wp\/v2\/product\/5432","targetHints":{"allow":["GET"]}}],"collection":[{"href":"https:\/\/mabuko.co.mz\/site\/index.php?rest_route=\/wp\/v2\/product"}],"about":[{"href":"https:\/\/mabuko.co.mz\/site\/index.php?rest_route=\/wp\/v2\/types\/product"}],"wp:featuredmedia":[{"embeddable":true,"href":"https:\/\/mabuko.co.mz\/site\/index.php?rest_route=\/wp\/v2\/media\/5434"}],"wp:attachment":[{"href":"https:\/\/mabuko.co.mz\/site\/index.php?rest_route=%2Fwp%2Fv2%2Fmedia&parent=5432"}],"wp:term":[{"taxonomy":"product_cat","embeddable":true,"href":"https:\/\/mabuko.co.mz\/site\/index.php?rest_route=%2Fwp%2Fv2%2Fproduct_cat&post=5432"},{"taxonomy":"product_tag","embeddable":true,"href":"https:\/\/mabuko.co.mz\/site\/index.php?rest_route=%2Fwp%2Fv2%2Fproduct_tag&post=5432"}],"curies":[{"name":"wp","href":"https:\/\/api.w.org\/{rel}","templated":true}]}}