{"id":5427,"date":"2022-07-21T12:42:42","date_gmt":"2022-07-21T12:42:42","guid":{"rendered":"https:\/\/mabuko.co.mz\/?post_type=product&#038;p=5427"},"modified":"2026-03-25T14:20:36","modified_gmt":"2026-03-25T14:20:36","slug":"tchova-xitaduma-crencas-paradigmas-e-doutrinas-mutaveis","status":"publish","type":"product","link":"https:\/\/mabuko.co.mz\/site\/?product=tchova-xitaduma-crencas-paradigmas-e-doutrinas-mutaveis","title":{"rendered":"TCHOVA XITADUMA Cren\u00e7as, Paradigmas e doutrinas mut\u00e1veis"},"content":{"rendered":"<p>Paulo \u00a0Zucula<\/p>\n","protected":false},"excerpt":{"rendered":"<p><strong>SINOPSE<\/strong><\/p>\n<p>\u00abTrata-se dum g\u00e9nero que faz um assalto sistem\u00e1tico e erudito \u00e0 complac\u00eancia e desmonta de forma implac\u00e1vel os alicerces duma narrativa que v\u00ea Mo\u00e7ambique onde ele n\u00e3o est\u00e1 e, provavelmente, nunca estar\u00e1, sobretudo se ele n\u00e3o se emancipar desses alicerces que fundamentam essa narrativa e servem como correntes \u00e0 imagina\u00e7\u00e3o e intelig\u00eancia dos mo\u00e7ambicanos\u00bb<\/p>\n<p>El\u00edsio Macamo<\/p>\n","protected":false},"featured_media":5979,"template":"","meta":{"_monsterinsights_skip_tracking":false,"_monsterinsights_sitenote_active":false,"_monsterinsights_sitenote_note":"","_monsterinsights_sitenote_category":0},"product_cat":[319],"product_tag":[],"class_list":{"0":"post-5427","1":"product","2":"type-product","3":"status-publish","4":"has-post-thumbnail","6":"product_cat-literatura-mocambicana","7":"pa_book-author-paulo-f-zucula","9":"first","10":"instock","11":"shipping-taxable","12":"purchasable","13":"product-type-simple"},"_links":{"self":[{"href":"https:\/\/mabuko.co.mz\/site\/index.php?rest_route=\/wp\/v2\/product\/5427","targetHints":{"allow":["GET"]}}],"collection":[{"href":"https:\/\/mabuko.co.mz\/site\/index.php?rest_route=\/wp\/v2\/product"}],"about":[{"href":"https:\/\/mabuko.co.mz\/site\/index.php?rest_route=\/wp\/v2\/types\/product"}],"wp:featuredmedia":[{"embeddable":true,"href":"https:\/\/mabuko.co.mz\/site\/index.php?rest_route=\/wp\/v2\/media\/5979"}],"wp:attachment":[{"href":"https:\/\/mabuko.co.mz\/site\/index.php?rest_route=%2Fwp%2Fv2%2Fmedia&parent=5427"}],"wp:term":[{"taxonomy":"product_cat","embeddable":true,"href":"https:\/\/mabuko.co.mz\/site\/index.php?rest_route=%2Fwp%2Fv2%2Fproduct_cat&post=5427"},{"taxonomy":"product_tag","embeddable":true,"href":"https:\/\/mabuko.co.mz\/site\/index.php?rest_route=%2Fwp%2Fv2%2Fproduct_tag&post=5427"}],"curies":[{"name":"wp","href":"https:\/\/api.w.org\/{rel}","templated":true}]}}