{"id":5408,"date":"2022-07-21T09:48:32","date_gmt":"2022-07-21T09:48:32","guid":{"rendered":"https:\/\/mabuko.co.mz\/?post_type=product&#038;p=5408"},"modified":"2022-10-18T14:10:36","modified_gmt":"2022-10-18T14:10:36","slug":"mosaico-mocambique","status":"publish","type":"product","link":"https:\/\/mabuko.co.mz\/site\/?product=mosaico-mocambique","title":{"rendered":"MOSAICO MO\u00c7AMBIQUE"},"content":{"rendered":"<p>Henrik Ellert<\/p>\n<p>9789899858343<\/p>\n","protected":false},"excerpt":{"rendered":"<p><strong>SINOPSE<\/strong><\/p>\n<p>A Etnografia \u2013 o estudo da cultura material de um povo- tem mais valor quando enquadrada na historia social. A Arqueologia, a hist\u00f3ria e a sociologia combinam-se com a Etnografia na articula\u00e7\u00e3o do comportamento humano com coisas tang\u00edveis.<\/p>\n<p>Desta forma, podem juntar-se as varias pecas de um mosaico cultural complexo.<\/p>\n<p>Esta publica\u00e7\u00e3o estuda, assim, todos os tipos de bens materiais mo\u00e7ambicanos e a cultura com eles relacionada. A obra inclui uma miscel\u00e2nea de objectos dom\u00e9sticos, vestu\u00e1rio e adornos, armas, instrumentos musicais e muito mais. O livro analisa tamb\u00e9m as tecnologias usadas em varias ocupa\u00e7\u00f5es e a maneira como os mo\u00e7ambicanos tem absorvido as influencias estrangeiras. A historia cobre v\u00e1rios mil\u00e9nios e mostra como o artesanato e as praticas tradicionais persistem at\u00e9 aos dias de hoje.<\/p>\n","protected":false},"featured_media":5415,"template":"","meta":{"_monsterinsights_skip_tracking":false,"_monsterinsights_sitenote_active":false,"_monsterinsights_sitenote_note":"","_monsterinsights_sitenote_category":0},"product_cat":[237],"product_tag":[],"class_list":{"0":"post-5408","1":"product","2":"type-product","3":"status-publish","4":"has-post-thumbnail","6":"product_cat-arte","7":"pa_book-author-henrik-ellert","9":"first","10":"instock","11":"shipping-taxable","12":"purchasable","13":"product-type-simple"},"_links":{"self":[{"href":"https:\/\/mabuko.co.mz\/site\/index.php?rest_route=\/wp\/v2\/product\/5408","targetHints":{"allow":["GET"]}}],"collection":[{"href":"https:\/\/mabuko.co.mz\/site\/index.php?rest_route=\/wp\/v2\/product"}],"about":[{"href":"https:\/\/mabuko.co.mz\/site\/index.php?rest_route=\/wp\/v2\/types\/product"}],"wp:featuredmedia":[{"embeddable":true,"href":"https:\/\/mabuko.co.mz\/site\/index.php?rest_route=\/wp\/v2\/media\/5415"}],"wp:attachment":[{"href":"https:\/\/mabuko.co.mz\/site\/index.php?rest_route=%2Fwp%2Fv2%2Fmedia&parent=5408"}],"wp:term":[{"taxonomy":"product_cat","embeddable":true,"href":"https:\/\/mabuko.co.mz\/site\/index.php?rest_route=%2Fwp%2Fv2%2Fproduct_cat&post=5408"},{"taxonomy":"product_tag","embeddable":true,"href":"https:\/\/mabuko.co.mz\/site\/index.php?rest_route=%2Fwp%2Fv2%2Fproduct_tag&post=5408"}],"curies":[{"name":"wp","href":"https:\/\/api.w.org\/{rel}","templated":true}]}}