{"id":5383,"date":"2022-07-20T14:48:16","date_gmt":"2022-07-20T14:48:16","guid":{"rendered":"https:\/\/mabuko.co.mz\/?post_type=product&#038;p=5383"},"modified":"2022-12-30T12:42:51","modified_gmt":"2022-12-30T12:42:51","slug":"ricardo-rangel-insubmisso-e-generoso","status":"publish","type":"product","link":"https:\/\/mabuko.co.mz\/site\/?product=ricardo-rangel-insubmisso-e-generoso","title":{"rendered":"RICARDO RANGEL Insubmisso e generoso"},"content":{"rendered":"<p>Calane da Silva<\/p>\n<p>9789899861961<\/p>\n","protected":false},"excerpt":{"rendered":"<p><strong>SINOPSE<\/strong><\/p>\n<p>O livro cont\u00e9m 18 das mais c\u00e9lebres fotografias de Ricardo Rangel. Vem ainda com 4 retratos seus (um de Rog\u00e9rio, outro de Jos\u00e9 Cabral, e dois n\u00e3o creditados). E ainda com v\u00e1rias reprodu\u00e7\u00f5es de fotos suas, referidas nos textos.<\/p>\n<p>Integra tr\u00eas textos apresentados num col\u00f3quio que foi dedicado ao fot\u00f3grafo em 2012: de Jos\u00e9 Mota Lopes, &#8220;Ricardo Rangel nos textos dos seus contempor\u00e2neos&#8221;; de Nelson Sa\u00fate &#8220;Ricardo Rangel: nome tutelar e inspirador do foto-jornalismo de Mo\u00e7ambique&#8221;; de Drew Thompson &#8220;A iconicidade de Ricardo Rangel e a escrita da hist\u00f3ria em Mo\u00e7ambique&#8221;. E ainda os textos de Patr\u00edcia Hayes &#8220;P\u00e3o Nosso de Cada Noite: as mulheres e a cidade nas fotografias de Ricardo Rangel de Louren\u00e7o Marques, Mo\u00e7ambique (1950-60)&#8221; e de Lu\u00eds Bernardo Honwana &#8220;Na morte de Ricardo Rangel&#8221; &#8211; este recuperando a vertente cultural (jazz\u00edstica) do fot\u00f3grafo.<\/p>\n","protected":false},"featured_media":5384,"template":"","meta":{"_monsterinsights_skip_tracking":false,"_monsterinsights_sitenote_active":false,"_monsterinsights_sitenote_note":"","_monsterinsights_sitenote_category":0},"product_cat":[237],"product_tag":[],"class_list":{"0":"post-5383","1":"product","2":"type-product","3":"status-publish","4":"has-post-thumbnail","6":"product_cat-arte","7":"pa_book-author-calane-da-silva","9":"first","10":"instock","11":"shipping-taxable","12":"purchasable","13":"product-type-simple"},"_links":{"self":[{"href":"https:\/\/mabuko.co.mz\/site\/index.php?rest_route=\/wp\/v2\/product\/5383","targetHints":{"allow":["GET"]}}],"collection":[{"href":"https:\/\/mabuko.co.mz\/site\/index.php?rest_route=\/wp\/v2\/product"}],"about":[{"href":"https:\/\/mabuko.co.mz\/site\/index.php?rest_route=\/wp\/v2\/types\/product"}],"wp:featuredmedia":[{"embeddable":true,"href":"https:\/\/mabuko.co.mz\/site\/index.php?rest_route=\/wp\/v2\/media\/5384"}],"wp:attachment":[{"href":"https:\/\/mabuko.co.mz\/site\/index.php?rest_route=%2Fwp%2Fv2%2Fmedia&parent=5383"}],"wp:term":[{"taxonomy":"product_cat","embeddable":true,"href":"https:\/\/mabuko.co.mz\/site\/index.php?rest_route=%2Fwp%2Fv2%2Fproduct_cat&post=5383"},{"taxonomy":"product_tag","embeddable":true,"href":"https:\/\/mabuko.co.mz\/site\/index.php?rest_route=%2Fwp%2Fv2%2Fproduct_tag&post=5383"}],"curies":[{"name":"wp","href":"https:\/\/api.w.org\/{rel}","templated":true}]}}