{"id":5355,"date":"2022-07-20T11:59:30","date_gmt":"2022-07-20T11:59:30","guid":{"rendered":"https:\/\/mabuko.co.mz\/?post_type=product&#038;p=5355"},"modified":"2022-12-30T10:02:59","modified_gmt":"2022-12-30T10:02:59","slug":"a-heranca-de-uma-mulher","status":"publish","type":"product","link":"https:\/\/mabuko.co.mz\/site\/?product=a-heranca-de-uma-mulher","title":{"rendered":"A HERAN\u00c7A DE UMA MULHER"},"content":{"rendered":"<p>Danielle Steel<\/p>\n<p>9789722535939<\/p>\n","protected":false},"excerpt":{"rendered":"<p><strong>SINOPSE<\/strong><\/p>\n<p>Fotografias descoloridas de um casal atraente na Europa do p\u00f3s-guerra. Correspond\u00eancia antiga que indicia uma perda tr\u00e1gica. E uma magnificente selec\u00e7\u00e3o de pedras preciosas de engaste refinado. \u00c9 este o conte\u00fado de um cofre h\u00e1 muito abandonado numa institui\u00e7\u00e3o banc\u00e1ria de Nova Iorque. Mas quem foi esta mulher que deixou tamanho tesouro sem testamento?<\/p>\n<p>Duas pessoas, ligadas por mero acaso, come\u00e7am a tentar deslindar este mist\u00e9rio: Jane Willoughby, assessora no Tribunal de Nova Iorque que lida com a homologa\u00e7\u00e3o de testamentos, e Phillip Lawton, um perito em arte que trabalha para a c\u00e9lebre casa de leil\u00f5es Christie\u2019s. Aquilo que come\u00e7a por ser uma simples rela\u00e7\u00e3o laboral tornar-se-\u00e1 para ambos em algo pessoal nos seus esfor\u00e7os para reconstruir uma vida de enigmas, esfor\u00e7os que os levar\u00e3o de Nova Iorque a Londres, da\u00ed para Paris, para Roma e para N\u00e1poles, numa s\u00e9rie de revela\u00e7\u00f5es surpreendentes.<\/p>\n<p>Marguerite Pearson partiu da Am\u00e9rica aos 18 anos, com um cora\u00e7\u00e3o partido e na sombra da Segunda Guerra Mundial. Descobriu uma nova vida na Europa, mas viveu sempre no luto daquilo que deixou para tr\u00e1s. \u00c0 medida que a verdade acerca da extraordin\u00e1ria hist\u00f3ria desta mulher nos \u00e9 revelada &#8211; o seu amor proibido e a trai\u00e7\u00e3o da sua fam\u00edlia -, outras pessoas ser\u00e3o arrastadas para este puzzle que Jane e Phillip come\u00e7am agora a desvendar, e, de entre elas, uma herdar\u00e1 a mais preciosa e inesperada d\u00e1diva de todas.<\/p>\n","protected":false},"featured_media":5356,"template":"","meta":{"_monsterinsights_skip_tracking":false,"_monsterinsights_sitenote_active":false,"_monsterinsights_sitenote_note":"","_monsterinsights_sitenote_category":0},"product_cat":[105],"product_tag":[],"class_list":{"0":"post-5355","1":"product","2":"type-product","3":"status-publish","4":"has-post-thumbnail","6":"product_cat-romance","7":"pa_book-author-danielle-steel","9":"first","10":"instock","11":"shipping-taxable","12":"purchasable","13":"product-type-simple"},"_links":{"self":[{"href":"https:\/\/mabuko.co.mz\/site\/index.php?rest_route=\/wp\/v2\/product\/5355","targetHints":{"allow":["GET"]}}],"collection":[{"href":"https:\/\/mabuko.co.mz\/site\/index.php?rest_route=\/wp\/v2\/product"}],"about":[{"href":"https:\/\/mabuko.co.mz\/site\/index.php?rest_route=\/wp\/v2\/types\/product"}],"wp:featuredmedia":[{"embeddable":true,"href":"https:\/\/mabuko.co.mz\/site\/index.php?rest_route=\/wp\/v2\/media\/5356"}],"wp:attachment":[{"href":"https:\/\/mabuko.co.mz\/site\/index.php?rest_route=%2Fwp%2Fv2%2Fmedia&parent=5355"}],"wp:term":[{"taxonomy":"product_cat","embeddable":true,"href":"https:\/\/mabuko.co.mz\/site\/index.php?rest_route=%2Fwp%2Fv2%2Fproduct_cat&post=5355"},{"taxonomy":"product_tag","embeddable":true,"href":"https:\/\/mabuko.co.mz\/site\/index.php?rest_route=%2Fwp%2Fv2%2Fproduct_tag&post=5355"}],"curies":[{"name":"wp","href":"https:\/\/api.w.org\/{rel}","templated":true}]}}