{"id":5346,"date":"2022-07-20T10:44:58","date_gmt":"2022-07-20T10:44:58","guid":{"rendered":"https:\/\/mabuko.co.mz\/?post_type=product&#038;p=5346"},"modified":"2022-12-30T10:06:16","modified_gmt":"2022-12-30T10:06:16","slug":"dei-o-teu-nome-as-estrelas","status":"publish","type":"product","link":"https:\/\/mabuko.co.mz\/site\/?product=dei-o-teu-nome-as-estrelas","title":{"rendered":"DEI O TEU NOME \u00c0S ESTRELAS"},"content":{"rendered":"<p>Rui Concei\u00e7\u00e3o Silva<\/p>\n<p>9789897543456<\/p>\n","protected":false},"excerpt":{"rendered":"<p><strong>SINOPSE<\/strong><\/p>\n<p>Em 1883, numa terra como tantas outras, perdida na imensid\u00e3o das serras e longe dos olhares do mundo, vivia Joaquim, professor e narrador desta hist\u00f3ria, um homem sem alento, esperando por tempos que n\u00e3o vinham.<\/p>\n<p>Contudo, nesse ano, chegam \u00e0 terra duas pessoas que ir\u00e3o mudar a sua vida para sempre: Jos\u00e9 Malhoa e Manuel Henrique Pinto, semeadores de maravilhas. \u00c9 com eles, e com outros caminhantes, que Joaquim encontrar\u00e1 o lado bonito da sua terra, qual para\u00edso escondido entre montanhas.<\/p>\n<p>Um dia, ele escuta a voz de Olinda, a mulher que lhe seduz os sil\u00eancios e os sonhos, e fica preso a esse amor, o \u00fanico que guardar\u00e1 eternamente.<\/p>\n","protected":false},"featured_media":5349,"template":"","meta":{"_monsterinsights_skip_tracking":false,"_monsterinsights_sitenote_active":false,"_monsterinsights_sitenote_note":"","_monsterinsights_sitenote_category":0},"product_cat":[105],"product_tag":[],"class_list":{"0":"post-5346","1":"product","2":"type-product","3":"status-publish","4":"has-post-thumbnail","6":"product_cat-romance","7":"pa_book-author-rui-conceicao-silva","9":"first","10":"instock","11":"shipping-taxable","12":"purchasable","13":"product-type-simple"},"_links":{"self":[{"href":"https:\/\/mabuko.co.mz\/site\/index.php?rest_route=\/wp\/v2\/product\/5346","targetHints":{"allow":["GET"]}}],"collection":[{"href":"https:\/\/mabuko.co.mz\/site\/index.php?rest_route=\/wp\/v2\/product"}],"about":[{"href":"https:\/\/mabuko.co.mz\/site\/index.php?rest_route=\/wp\/v2\/types\/product"}],"wp:featuredmedia":[{"embeddable":true,"href":"https:\/\/mabuko.co.mz\/site\/index.php?rest_route=\/wp\/v2\/media\/5349"}],"wp:attachment":[{"href":"https:\/\/mabuko.co.mz\/site\/index.php?rest_route=%2Fwp%2Fv2%2Fmedia&parent=5346"}],"wp:term":[{"taxonomy":"product_cat","embeddable":true,"href":"https:\/\/mabuko.co.mz\/site\/index.php?rest_route=%2Fwp%2Fv2%2Fproduct_cat&post=5346"},{"taxonomy":"product_tag","embeddable":true,"href":"https:\/\/mabuko.co.mz\/site\/index.php?rest_route=%2Fwp%2Fv2%2Fproduct_tag&post=5346"}],"curies":[{"name":"wp","href":"https:\/\/api.w.org\/{rel}","templated":true}]}}