{"id":5333,"date":"2022-07-20T09:57:43","date_gmt":"2022-07-20T09:57:43","guid":{"rendered":"https:\/\/mabuko.co.mz\/?post_type=product&#038;p=5333"},"modified":"2022-12-30T10:12:22","modified_gmt":"2022-12-30T10:12:22","slug":"tudo-o-que-nunca-fomos-deixa-acontecer-1","status":"publish","type":"product","link":"https:\/\/mabuko.co.mz\/site\/?product=tudo-o-que-nunca-fomos-deixa-acontecer-1","title":{"rendered":"TUDO O QUE NUNCA FOMOS Deixa acontecer 1"},"content":{"rendered":"<p>Alice Kellen<\/p>\n<p>9789722366465<\/p>\n","protected":false},"excerpt":{"rendered":"<p><strong>SINOPSE<\/strong><\/p>\n<p>Leah est\u00e1 destro\u00e7ada. Leah j\u00e1 n\u00e3o pinta. Leah \u00e9 um fantasma desde o acidente que lhe levou os pais.<\/p>\n<p>Axel \u00e9 o amigo do seu irm\u00e3o mais velho e, quando aceita receb\u00ea-la em casa durante uns meses, quer ajud\u00e1-la a encontrar e a colar os peda\u00e7os da rapariga cheia de vida e cor que outrora foi. No entanto, Axel n\u00e3o sabe que ela sempre esteve apaixonada por ele, apesar de serem quase fam\u00edlia\u2026 nem sonha que a sua vida est\u00e1 prestes a mudar.<\/p>\n<p>Porque ela lhe est\u00e1 proibida, mas desperta-lhe os sentidos.<\/p>\n<p>Porque h\u00e1 o mar, as noites estreladas e os discos de vinil dos Beatles.<\/p>\n<p>Porque, \u00e0s vezes, basta um\u00a0<i>deixa acontecer<\/i>\u00a0para ter tudo.<\/p>\n<p>Este \u00e9 o primeiro livro de uma s\u00e9rie de dois volumes repleta de emo\u00e7\u00f5es!<\/p>\n","protected":false},"featured_media":5334,"template":"","meta":{"_monsterinsights_skip_tracking":false,"_monsterinsights_sitenote_active":false,"_monsterinsights_sitenote_note":"","_monsterinsights_sitenote_category":0},"product_cat":[105],"product_tag":[],"class_list":{"0":"post-5333","1":"product","2":"type-product","3":"status-publish","4":"has-post-thumbnail","6":"product_cat-romance","7":"pa_book-author-alice-kellen","9":"first","10":"outofstock","11":"shipping-taxable","12":"purchasable","13":"product-type-simple"},"_links":{"self":[{"href":"https:\/\/mabuko.co.mz\/site\/index.php?rest_route=\/wp\/v2\/product\/5333","targetHints":{"allow":["GET"]}}],"collection":[{"href":"https:\/\/mabuko.co.mz\/site\/index.php?rest_route=\/wp\/v2\/product"}],"about":[{"href":"https:\/\/mabuko.co.mz\/site\/index.php?rest_route=\/wp\/v2\/types\/product"}],"wp:featuredmedia":[{"embeddable":true,"href":"https:\/\/mabuko.co.mz\/site\/index.php?rest_route=\/wp\/v2\/media\/5334"}],"wp:attachment":[{"href":"https:\/\/mabuko.co.mz\/site\/index.php?rest_route=%2Fwp%2Fv2%2Fmedia&parent=5333"}],"wp:term":[{"taxonomy":"product_cat","embeddable":true,"href":"https:\/\/mabuko.co.mz\/site\/index.php?rest_route=%2Fwp%2Fv2%2Fproduct_cat&post=5333"},{"taxonomy":"product_tag","embeddable":true,"href":"https:\/\/mabuko.co.mz\/site\/index.php?rest_route=%2Fwp%2Fv2%2Fproduct_tag&post=5333"}],"curies":[{"name":"wp","href":"https:\/\/api.w.org\/{rel}","templated":true}]}}