{"id":5316,"date":"2022-07-20T08:16:48","date_gmt":"2022-07-20T08:16:48","guid":{"rendered":"https:\/\/mabuko.co.mz\/?post_type=product&#038;p=5316"},"modified":"2023-02-14T12:40:26","modified_gmt":"2023-02-14T12:40:26","slug":"invencao-das-asas","status":"publish","type":"product","link":"https:\/\/mabuko.co.mz\/site\/?product=invencao-das-asas","title":{"rendered":"INVEN\u00c7\u00c3O DAS ASAS"},"content":{"rendered":"<p>Sue Monk Kidd<\/p>\n<p>9789897101564<\/p>\n","protected":false},"excerpt":{"rendered":"<p><strong>SINOPSE<\/strong><\/p>\n<p>Hetty, uma escrava do in\u00edcio do s\u00e9culo XIX, sonha com uma vida para l\u00e1 das paredes sufocantes da opulenta mans\u00e3o Grimk\u00e9.<br \/>\nSarah, a filha dos Grimk\u00e9, desde cedo que quer fazer algo pelo mundo, mas \u00e9 sufocada pelos limites r\u00edgidos impostos \u00e0s mulheres.<\/p>\n<p>Tudo tem in\u00edcio quando Sarah faz onze anos e lhe d\u00e3o Hetty, um ano mais nova, para ser sua aia. Nas d\u00e9cadas seguintes, cada uma \u00e0 sua maneira, as jovens lutam por liberdade e independ\u00eancia. Moldando o destino uma da outra, vivem uma intensa rela\u00e7\u00e3o de amizade marcada pela culpa, rebeldia, separa\u00e7\u00e3o, os caminhos \u00ednvios do amor e tamb\u00e9m pelo nascimento do movimento abolicionista que mudar\u00e1 as suas vidas para sempre. Ser\u00e1 que a religi\u00e3o, a sociedade e a fam\u00edlia podem enfrentar os sonhos de duas jovens?<br \/>\nInspirada pela figura hist\u00f3rica de Sarah Grimk\u00e9, Sue Monk Kidd transcende o registo hist\u00f3rico para nos oferecer um testemunho deslumbrante e poderoso da luta das mulheres e dos escravos em nome da liberdade.\u00a0<i>A Inven\u00e7\u00e3o das Asas<\/i> \u00e9 um triunfo da arte de contar hist\u00f3rias, abordando um tema sens\u00edvel e actual, de uma forma honesta e po\u00e9tica.<\/p>\n","protected":false},"featured_media":5317,"template":"","meta":{"_monsterinsights_skip_tracking":false,"_monsterinsights_sitenote_active":false,"_monsterinsights_sitenote_note":"","_monsterinsights_sitenote_category":0},"product_cat":[105],"product_tag":[],"class_list":{"0":"post-5316","1":"product","2":"type-product","3":"status-publish","4":"has-post-thumbnail","6":"product_cat-romance","7":"pa_book-author-sue-monk-kidd","9":"first","10":"instock","11":"shipping-taxable","12":"purchasable","13":"product-type-simple"},"_links":{"self":[{"href":"https:\/\/mabuko.co.mz\/site\/index.php?rest_route=\/wp\/v2\/product\/5316","targetHints":{"allow":["GET"]}}],"collection":[{"href":"https:\/\/mabuko.co.mz\/site\/index.php?rest_route=\/wp\/v2\/product"}],"about":[{"href":"https:\/\/mabuko.co.mz\/site\/index.php?rest_route=\/wp\/v2\/types\/product"}],"wp:featuredmedia":[{"embeddable":true,"href":"https:\/\/mabuko.co.mz\/site\/index.php?rest_route=\/wp\/v2\/media\/5317"}],"wp:attachment":[{"href":"https:\/\/mabuko.co.mz\/site\/index.php?rest_route=%2Fwp%2Fv2%2Fmedia&parent=5316"}],"wp:term":[{"taxonomy":"product_cat","embeddable":true,"href":"https:\/\/mabuko.co.mz\/site\/index.php?rest_route=%2Fwp%2Fv2%2Fproduct_cat&post=5316"},{"taxonomy":"product_tag","embeddable":true,"href":"https:\/\/mabuko.co.mz\/site\/index.php?rest_route=%2Fwp%2Fv2%2Fproduct_tag&post=5316"}],"curies":[{"name":"wp","href":"https:\/\/api.w.org\/{rel}","templated":true}]}}