{"id":5312,"date":"2022-07-20T08:07:16","date_gmt":"2022-07-20T08:07:16","guid":{"rendered":"https:\/\/mabuko.co.mz\/?post_type=product&#038;p=5312"},"modified":"2022-12-30T10:17:25","modified_gmt":"2022-12-30T10:17:25","slug":"fernao-capelo-gaivota","status":"publish","type":"product","link":"https:\/\/mabuko.co.mz\/site\/?product=fernao-capelo-gaivota","title":{"rendered":"FERN\u00c3O CAPELO GAIVOTA"},"content":{"rendered":"<p>Richard Bach<\/p>\n<p>9789892331317<\/p>\n","protected":false},"excerpt":{"rendered":"<div id=\"productPageSectionAboutBook-sinopseTitle\" class=\"right-title\"><strong>SINOPSE<\/strong><\/div>\n<div id=\"productPageSectionAboutBook-sinopse\" class=\"right-text\">\n<p>Fern\u00e3o \u00e9 diferente de todas as outras gaivotas do Bando. As outras foram educadas, desde pequenas, a cumprir a sua miss\u00e3o: ir para o mar e trazer o alimento. E \u00e9 o que fazem, dia ap\u00f3s dia, desde sempre. Sem nunca se questionarem por qu\u00ea. Fern\u00e3o n\u00e3o percebe. Ele voa por prazer, voa cada vez melhor, e sabe que o voo, em si mesmo, \u00e9 um dom \u00fanico. E, aos poucos, desafiando as r\u00edgidas regras do Bando, assume o seu desejo de se aperfei\u00e7oar, de usar melhor esse fant\u00e1stico poder de voar. E procura ir sempre cada vez mais r\u00e1pido, cada vez mais longe, at\u00e9 onde as asas o levarem &#8211; levando as suas experi\u00eancias ao limite e arriscando a pr\u00f3pria vida. Mas o Bando n\u00e3o v\u00ea com bons olhos aquelas aventuras. E acaba por expuls\u00e1-lo, condenando-o ao ex\u00edlio\u2026<br \/>\nLivro m\u00e1gico, que encantou mais de 40 milh\u00f5es de leitores em todo o mundo, e deu origem a filmes e discos,\u00a0<i>Fern\u00e3o Capelo Gaivota<\/i>\u00a0\u00e9 uma f\u00e1bula sobre o poder dos nossos sonhos &#8211; e at\u00e9 onde eles nos podem levar.<br \/>\nO nosso caminho, o nosso destino, est\u00e1 escrito h\u00e1 muito dentro de cada um. Muitas vezes, por\u00e9m, tendemos a ignor\u00e1-lo, levados pela opini\u00e3o dos que nos rodeiam, pelas cr\u00edticas que ouvimos. Quando, na verdade, podemos simplesmente escolher o nosso pr\u00f3prio caminho, lutar por muito mais do que aquilo que temos\u2026 E aprender verdadeiramente a voar.<\/p>\n<\/div>\n","protected":false},"featured_media":5313,"template":"","meta":{"_monsterinsights_skip_tracking":false,"_monsterinsights_sitenote_active":false,"_monsterinsights_sitenote_note":"","_monsterinsights_sitenote_category":0},"product_cat":[105],"product_tag":[],"class_list":{"0":"post-5312","1":"product","2":"type-product","3":"status-publish","4":"has-post-thumbnail","6":"product_cat-romance","7":"pa_book-author-richard-bach","9":"first","10":"instock","11":"shipping-taxable","12":"purchasable","13":"product-type-simple"},"_links":{"self":[{"href":"https:\/\/mabuko.co.mz\/site\/index.php?rest_route=\/wp\/v2\/product\/5312","targetHints":{"allow":["GET"]}}],"collection":[{"href":"https:\/\/mabuko.co.mz\/site\/index.php?rest_route=\/wp\/v2\/product"}],"about":[{"href":"https:\/\/mabuko.co.mz\/site\/index.php?rest_route=\/wp\/v2\/types\/product"}],"wp:featuredmedia":[{"embeddable":true,"href":"https:\/\/mabuko.co.mz\/site\/index.php?rest_route=\/wp\/v2\/media\/5313"}],"wp:attachment":[{"href":"https:\/\/mabuko.co.mz\/site\/index.php?rest_route=%2Fwp%2Fv2%2Fmedia&parent=5312"}],"wp:term":[{"taxonomy":"product_cat","embeddable":true,"href":"https:\/\/mabuko.co.mz\/site\/index.php?rest_route=%2Fwp%2Fv2%2Fproduct_cat&post=5312"},{"taxonomy":"product_tag","embeddable":true,"href":"https:\/\/mabuko.co.mz\/site\/index.php?rest_route=%2Fwp%2Fv2%2Fproduct_tag&post=5312"}],"curies":[{"name":"wp","href":"https:\/\/api.w.org\/{rel}","templated":true}]}}